{"id":322333,"date":"2026-08-21T08:59:44","date_gmt":"2026-08-21T06:59:44","guid":{"rendered":"https:\/\/alicanteturismo.com\/events\/i-traversee-unissant-les-phares\/"},"modified":"2026-08-21T08:59:44","modified_gmt":"2026-08-21T06:59:44","slug":"i-traversee-unissant-les-phares","status":"publish","type":"mec-events","link":"https:\/\/alicanteturismo.com\/fr\/events\/i-traversee-unissant-les-phares\/","title":{"rendered":"I Travers\u00e9e Unissant les Phares"},"content":{"rendered":"<div class=\"x_elementToProof\" data-ogsc=\"rgb(0, 0, 0)\" data-olk-copy-source=\"MessageBody\">Elle proposera cinq distances, dont une travers\u00e9e de 20 kilom\u00e8tres entre les phares du Cabo de las Huertas et de Santa Pola.<\/div>\n<div class=\"x_elementToProof\" data-ogsc=\"rgb(0, 0, 0)\">Quand : 19 septembre<\/div>\n<div class=\"x_elementToProof\" data-ogsc=\"rgb(0, 0, 0)\"><\/div>\n<div class=\"x_elementToProof\" data-ogsc=\"rgb(0, 0, 0)\">Une nouvelle \u00e9preuve de natation en eau libre cr\u00e9\u00e9e \u00e0 l\u2019occasion du 125e anniversaire de la cr\u00e9ation de la Junta de Obras del Puerto de Alicante, fond\u00e9e en 1901 et \u00e0 l\u2019origine de l\u2019actuelle Autorit\u00e9 portuaire.<\/div>\n<div class=\"x_elementToProof\" data-ogsc=\"rgb(0, 0, 0)\"><\/div>\n<div class=\"x_elementToProof\" data-ogsc=\"rgb(0, 0, 0)\">L\u2019\u00e9preuve fait partie du programme d\u2019activit\u00e9s organis\u00e9 pour comm\u00e9morer cet anniversaire et vise \u00e0 rendre hommage \u00e0 une institution qui, depuis plus d\u2019un si\u00e8cle, joue un r\u00f4le majeur dans le d\u00e9veloppement \u00e9conomique, social et urbain d\u2019Alicante. \u00c0 travers cette initiative, l\u2019Autorit\u00e9 portuaire souhaite mettre en valeur non seulement l\u2019histoire du port, mais aussi ses liens \u00e9troits avec le sport, le patrimoine maritime et les citoyens.<\/div>\n<div class=\"x_elementToProof\" data-ogsc=\"rgb(0, 0, 0)\"><\/div>\n<div class=\"x_elementToProof\" data-ogsc=\"rgb(0, 0, 0)\">La I Traves\u00eda Uniendo Faros propose cinq parcours adapt\u00e9s \u00e0 diff\u00e9rents profils sportifs.<\/div>\n<ul data-editing-info=\"{&quot;applyListStyleFromLevel&quot;:true}\">\n<li data-ogsc=\"rgb(0, 0, 0)\">\n<div class=\"x_elementToProof\" role=\"presentation\" data-ogsc=\"\">La comp\u00e9tition comprendra une distance populaire de 2,5 kilom\u00e8tres<\/div>\n<\/li>\n<li data-ogsc=\"rgb(0, 0, 0)\">\n<div role=\"presentation\" data-ogsc=\"\">Des parcours interm\u00e9diaires, culminant avec une \u00e9preuve de 20 kilom\u00e8tres, con\u00e7ue pour les sp\u00e9cialistes de la nage en eau libre et de l\u2019ultrafond. Cette derni\u00e8re \u00e9preuve sera limit\u00e9e \u00e0 30 nageurs.<\/div>\n<\/li>\n<li data-ogsc=\"rgb(0, 0, 0)\">\n<div class=\"x_elementToProof\" role=\"presentation\" data-ogsc=\"\">Enfin, un petit parcours de 1 kilom\u00e8tre permettra \u00e0 toute personne qui le souhaite de participer.<\/div>\n<\/li>\n<\/ul>\n<div class=\"x_elementToProof\" data-ogsc=\"rgb(0, 0, 0)\">Inscriptions :<\/div>\n<div class=\"x_elementToProof\" data-ogsc=\"rgb(0, 0, 0)\"><a title=\"https:\/\/www.chipserena.es\/web-evento\/13234-travesia-alicante-2026?utm_source=ig&amp;utm_medium=social&amp;utm_content=link_in_bio&amp;fbclid=PAdGRleATgq71wZG9mAmV4dG4DYWVtAjExAHNydGMGYXBwX2lkDzEyNDAyNDU3NDI4NzQxNAABpwVSjf-vVD9JdM8nvUh3oo-7oqo-lDOVDhfJGP0ZetG4dIKwB2W7VKZZ0kcR_aem_QctjRlKrZMclOsRrkyxn9Q\" href=\"https:\/\/www.chipserena.es\/web-evento\/13234-travesia-alicante-2026?utm_source=ig&amp;utm_medium=social&amp;utm_content=link_in_bio&amp;fbclid=PAdGRleATgq71wZG9mAmV4dG4DYWVtAjExAHNydGMGYXBwX2lkDzEyNDAyNDU3NDI4NzQxNAABpwVSjf-vVD9JdM8nvUh3oo-7oqo-lDOVDhfJGP0ZetG4dIKwB2W7VKZZ0kcR_aem_QctjRlKrZMclOsRrkyxn9Q\" data-auth=\"NotApplicable\" data-linkindex=\"0\" data-ogsc=\"\" target=\"_blank\" rel=\"noopener\">https:\/\/www.chipserena.es\/web-evento\/13234-travesia-alicante-2026?utm_source=ig&amp;utm_medium=social&amp;utm_content=link_in_bio&amp;fbclid=PAdGRleATgq71wZG9mAmV4dG4DYWVtAjExAHNydGMGYXBwX2lkDzEyNDAyNDU3NDI4NzQxNAABpwVSjf-vVD9JdM8nvUh3oo-7oqo-lDOVDhfJGP0ZetG4dIKwB2W7VKZZ0kcR_aem_QctjRlKrZMclOsRrkyxn9Q<\/a><\/div>\n","protected":false},"excerpt":{"rendered":"<p>Elle proposera cinq distances, dont une travers\u00e9e de 20 kilom\u00e8tres entre les phares du Cabo de las Huertas et de Santa Pola. Quand : 19 septembre Une nouvelle \u00e9preuve de natation en eau libre cr\u00e9\u00e9e \u00e0 l\u2019occasion du 125e anniversaire de la cr\u00e9ation de la Junta de Obras del Puerto de Alicante, fond\u00e9e en 1901 [&hellip;]<\/p>\n","protected":false},"author":1,"featured_media":322327,"template":"","tags":[],"mec_category":[1002,971],"class_list":["post-322333","mec-events","type-mec-events","status-publish","has-post-thumbnail","hentry","mec_category-featured-fr","mec_category-sports-fr"],"acf":[],"_links":{"self":[{"href":"https:\/\/alicanteturismo.com\/fr\/wp-json\/wp\/v2\/mec-events\/322333","targetHints":{"allow":["GET"]}}],"collection":[{"href":"https:\/\/alicanteturismo.com\/fr\/wp-json\/wp\/v2\/mec-events"}],"about":[{"href":"https:\/\/alicanteturismo.com\/fr\/wp-json\/wp\/v2\/types\/mec-events"}],"author":[{"embeddable":true,"href":"https:\/\/alicanteturismo.com\/fr\/wp-json\/wp\/v2\/users\/1"}],"version-history":[{"count":0,"href":"https:\/\/alicanteturismo.com\/fr\/wp-json\/wp\/v2\/mec-events\/322333\/revisions"}],"wp:featuredmedia":[{"embeddable":true,"href":"https:\/\/alicanteturismo.com\/fr\/wp-json\/wp\/v2\/media\/322327"}],"wp:attachment":[{"href":"https:\/\/alicanteturismo.com\/fr\/wp-json\/wp\/v2\/media?parent=322333"}],"wp:term":[{"taxonomy":"post_tag","embeddable":true,"href":"https:\/\/alicanteturismo.com\/fr\/wp-json\/wp\/v2\/tags?post=322333"},{"taxonomy":"mec_category","embeddable":true,"href":"https:\/\/alicanteturismo.com\/fr\/wp-json\/wp\/v2\/mec_category?post=322333"}],"curies":[{"name":"wp","href":"https:\/\/api.w.org\/{rel}","templated":true}]}}

I Traversée Unissant les Phares

<div class="x_elementToProof" data-ogsc="rgb(0, 0, 0)" data-olk-copy-source="MessageBody">Elle proposera cinq distances, dont une traversée de 20 kilomètres entre les phares du Cabo de las Huertas et de Santa Pola.</div>
<div class="x_elementToProof" data-ogsc="rgb(0, 0, 0)">Quand : 19 septembre</div>
<div class="x_elementToProof" data-ogsc="rgb(0, 0, 0)"></div>
<div class="x_elementToProof" data-ogsc="rgb(0, 0, 0)">Une nouvelle épreuve de natation en eau libre créée à l’occasion du 125e anniversaire de la création de la Junta de Obras del Puerto de Alicante, fondée en 1901 et à l’origine de l’actuelle Autorité portuaire.</div>
<div class="x_elementToProof" data-ogsc="rgb(0, 0, 0)"></div>
<div class="x_elementToProof" data-ogsc="rgb(0, 0, 0)">L’épreuve fait partie du programme d’activités organisé pour commémorer cet anniversaire et vise à rendre hommage à une institution qui, depuis plus d’un siècle, joue un rôle majeur dans le développement économique, social et urbain d’Alicante. À travers cette initiative, l’Autorité portuaire souhaite mettre en valeur non seulement l’histoire du port, mais aussi ses liens étroits avec le sport, le patrimoine maritime et les citoyens.</div>
<div class="x_elementToProof" data-ogsc="rgb(0, 0, 0)"></div>
<div class="x_elementToProof" data-ogsc="rgb(0, 0, 0)">La I Travesía Uniendo Faros propose cinq parcours adaptés à différents profils sportifs.</div>
<ul data-editing-info="{&quot;applyListStyleFromLevel&quot;:true}">
<li data-ogsc="rgb(0, 0, 0)">
<div class="x_elementToProof" role="presentation" data-ogsc="">La compétition comprendra une distance populaire de 2,5 kilomètres</div>
</li>
<li data-ogsc="rgb(0, 0, 0)">
<div role="presentation" data-ogsc="">Des parcours intermédiaires, culminant avec une épreuve de 20 kilomètres, conçue pour les spécialistes de la nage en eau libre et de l’ultrafond. Cette dernière épreuve sera limitée à 30 nageurs.</div>
</li>
<li data-ogsc="rgb(0, 0, 0)">
<div class="x_elementToProof" role="presentation" data-ogsc="">Enfin, un petit parcours de 1 kilomètre permettra à toute personne qui le souhaite de participer.</div>
</li>
</ul>
<div class="x_elementToProof" data-ogsc="rgb(0, 0, 0)">Inscriptions :</div>
<div class="x_elementToProof" data-ogsc="rgb(0, 0, 0)"><a title="https://www.chipserena.es/web-evento/13234-travesia-alicante-2026?utm_source=ig&amp;utm_medium=social&amp;utm_content=link_in_bio&amp;fbclid=PAdGRleATgq71wZG9mAmV4dG4DYWVtAjExAHNydGMGYXBwX2lkDzEyNDAyNDU3NDI4NzQxNAABpwVSjf-vVD9JdM8nvUh3oo-7oqo-lDOVDhfJGP0ZetG4dIKwB2W7VKZZ0kcR_aem_QctjRlKrZMclOsRrkyxn9Q" href="https://www.chipserena.es/web-evento/13234-travesia-alicante-2026?utm_source=ig&amp;utm_medium=social&amp;utm_content=link_in_bio&amp;fbclid=PAdGRleATgq71wZG9mAmV4dG4DYWVtAjExAHNydGMGYXBwX2lkDzEyNDAyNDU3NDI4NzQxNAABpwVSjf-vVD9JdM8nvUh3oo-7oqo-lDOVDhfJGP0ZetG4dIKwB2W7VKZZ0kcR_aem_QctjRlKrZMclOsRrkyxn9Q" data-auth="NotApplicable" data-linkindex="0" data-ogsc="" target="_blank" rel="noopener">https://www.chipserena.es/web-evento/13234-travesia-alicante-2026?utm_source=ig&amp;utm_medium=social&amp;utm_content=link_in_bio&amp;fbclid=PAdGRleATgq71wZG9mAmV4dG4DYWVtAjExAHNydGMGYXBwX2lkDzEyNDAyNDU3NDI4NzQxNAABpwVSjf-vVD9JdM8nvUh3oo-7oqo-lDOVDhfJGP0ZetG4dIKwB2W7VKZZ0kcR_aem_QctjRlKrZMclOsRrkyxn9Q</a></div>

<p>Elle proposera cinq distances, dont une traversée de 20 kilomètres entre les phares du Cabo de las Huertas et de Santa Pola. Quand : 19 septembre Une nouvelle épreuve de natation en eau libre créée à l’occasion du 125e anniversaire de la création de la Junta de Obras del Puerto de Alicante, fondée en 1901 [&hellip;]</p>
