{"id":319733,"date":"2026-04-28T11:54:42","date_gmt":"2026-04-28T09:54:42","guid":{"rendered":"https:\/\/alicanteturismo.com\/?post_type=mec-events&#038;p=319733"},"modified":"2026-04-28T12:43:59","modified_gmt":"2026-04-28T10:43:59","slug":"cruces-de-mayo","status":"publish","type":"mec-events","link":"https:\/\/alicanteturismo.com\/fr\/events\/cruces-de-mayo\/","title":{"rendered":"Cruces de Mayo 2026"},"content":{"rendered":"<p><strong>PROGRAMACI\u00d3N<\/strong><\/p>\n<p><strong>Jueves, 30 de abril<\/strong><\/p>\n<ul>\n<li>20:00 h: Preg\u00f3n en la plaza de San Antonio a cargo de la concejala de Comercio,<strong> Lidia L\u00f3pez. <\/strong>A continuaci\u00f3n comenzar\u00e1 la plant\u00e0 de las cruces y adornos en las calles.<\/li>\n<li>A partir de las 24:00 h: Verbena en la misma plaza<\/li>\n<\/ul>\n<p class=\"ft-text\"><strong>Viernes,<\/strong> <strong>1 de mayo<\/strong><\/p>\n<ul>\n<li class=\"ft-text\">\u00a08:00 h Despert\u00e0 a cargo del grupo dol\u00e7aina i tabalet l\u2019Embolic<\/li>\n<li class=\"ft-text\">12.00 h Pasacalles. Al t\u00e9rmino el jurado dir\u00e1 los ganadores de los premios<\/li>\n<li class=\"ft-text\">17:00 h Pasacalles de nanos y cabezudos del Raval Roig y juegos tradicionales<\/li>\n<li class=\"ft-text\">19:30 h Pasacalles \u2018Hawai\u2019 recorrer\u00e1 el barrio acompa\u00f1ado por una banda de m\u00fasica<\/li>\n<li class=\"ft-text\">\u00a0A partir de las 23.30 h: Verbena de los 2000-2020<\/li>\n<\/ul>\n<p class=\"ft-text\"><strong>S\u00e1bado, 2 de mayo<\/strong><\/p>\n<ul class=\"ft-list ft-list--primary\" data-aida-text=\"\">\n<li class=\"ft-list__item\">8.00 h: Despert\u00e0<\/li>\n<li class=\"ft-list__item\">10.30 h:\u00a0 Juegos Hinchables para los m\u00e1s peque\u00f1os<\/li>\n<li class=\"ft-list__item\">12.00 h: Pasacalles \u2018Feria de abril\u2019<\/li>\n<li class=\"ft-list__item\">17.30 h: Desfile de disfraces infantiles en la plaza San Antonio<\/li>\n<li class=\"ft-list__item\">19.30 h: Pasacalles de \u2018Tribu\u2019<\/li>\n<li class=\"ft-list__item\">23.30 h: Concurso de playbacks<\/li>\n<\/ul>\n<p class=\"ft-text\"><strong>Domingo, 3 de mayo<\/strong><\/p>\n<ul>\n<li class=\"ft-text\">08.00 h: Despert\u00e0<\/li>\n<li class=\"ft-text\">12.00 h: Pasacalles \u2018multicolor\u2019<\/li>\n<li class=\"ft-text\">13.30 h:\u00a0 Entrega de premios Cruces de Mayo a las calles decoradas en la calle San Rafael.<\/li>\n<li class=\"ft-text\">19.30 h:\u00a0 Misa rociera con la colaboraci\u00f3n de la casa del coro Casa Andaluc\u00eda de San Juan<\/li>\n<li class=\"ft-text\">20.00 h:\u00a0 Procesi\u00f3n.<\/li>\n<li class=\"ft-text\">A las 24.00 h:\u00a0 <strong>Castillo de fuegos artificiales<\/strong> frente a los bomberos ( Av Jaime II)\u00a0 pondr\u00e1 punto y final a las Cruces de Mayo de 2026<\/li>\n<\/ul>\n","protected":false},"excerpt":{"rendered":"<p>PROGRAMACI\u00d3N Jueves, 30 de abril 20:00 h: Preg\u00f3n en la plaza de San Antonio a cargo de la concejala de Comercio, Lidia L\u00f3pez. A continuaci\u00f3n comenzar\u00e1 la plant\u00e0 de las cruces y adornos en las calles. A partir de las 24:00 h: Verbena en la misma plaza Viernes, 1 de mayo \u00a08:00 h Despert\u00e0 a [&hellip;]<\/p>\n","protected":false},"author":5,"featured_media":319734,"template":"","tags":[1719],"mec_category":[704,580,597,571,605],"class_list":["post-319733","mec-events","type-mec-events","status-publish","has-post-thumbnail","hentry","tag-fiestas-tradicionales","mec_category-destacado","mec_category-fiestas","mec_category-fiestas-tradicionales","mec_category-ninos","mec_category-ocio"],"acf":[],"_links":{"self":[{"href":"https:\/\/alicanteturismo.com\/fr\/wp-json\/wp\/v2\/mec-events\/319733","targetHints":{"allow":["GET"]}}],"collection":[{"href":"https:\/\/alicanteturismo.com\/fr\/wp-json\/wp\/v2\/mec-events"}],"about":[{"href":"https:\/\/alicanteturismo.com\/fr\/wp-json\/wp\/v2\/types\/mec-events"}],"author":[{"embeddable":true,"href":"https:\/\/alicanteturismo.com\/fr\/wp-json\/wp\/v2\/users\/5"}],"version-history":[{"count":2,"href":"https:\/\/alicanteturismo.com\/fr\/wp-json\/wp\/v2\/mec-events\/319733\/revisions"}],"predecessor-version":[{"id":319740,"href":"https:\/\/alicanteturismo.com\/fr\/wp-json\/wp\/v2\/mec-events\/319733\/revisions\/319740"}],"wp:featuredmedia":[{"embeddable":true,"href":"https:\/\/alicanteturismo.com\/fr\/wp-json\/wp\/v2\/media\/319734"}],"wp:attachment":[{"href":"https:\/\/alicanteturismo.com\/fr\/wp-json\/wp\/v2\/media?parent=319733"}],"wp:term":[{"taxonomy":"post_tag","embeddable":true,"href":"https:\/\/alicanteturismo.com\/fr\/wp-json\/wp\/v2\/tags?post=319733"},{"taxonomy":"mec_category","embeddable":true,"href":"https:\/\/alicanteturismo.com\/fr\/wp-json\/wp\/v2\/mec_category?post=319733"}],"curies":[{"name":"wp","href":"https:\/\/api.w.org\/{rel}","templated":true}]}}

<p><strong>PROGRAMACIÓN</strong></p>
<p><strong>Jueves, 30 de abril</strong></p>
<ul>
<li>20:00 h: Pregón en la plaza de San Antonio a cargo de la concejala de Comercio,<strong> Lidia López. </strong>A continuación comenzará la plantà de las cruces y adornos en las calles.</li>
<li>A partir de las 24:00 h: Verbena en la misma plaza</li>
</ul>
<p class="ft-text"><strong>Viernes,</strong> <strong>1 de mayo</strong></p>
<ul>
<li class="ft-text"> 8:00 h Despertà a cargo del grupo dolçaina i tabalet l’Embolic</li>
<li class="ft-text">12.00 h Pasacalles. Al término el jurado dirá los ganadores de los premios</li>
<li class="ft-text">17:00 h Pasacalles de nanos y cabezudos del Raval Roig y juegos tradicionales</li>
<li class="ft-text">19:30 h Pasacalles ‘Hawai’ recorrerá el barrio acompañado por una banda de música</li>
<li class="ft-text"> A partir de las 23.30 h: Verbena de los 2000-2020</li>
</ul>
<p class="ft-text"><strong>Sábado, 2 de mayo</strong></p>
<ul class="ft-list ft-list--primary" data-aida-text="">
<li class="ft-list__item">8.00 h: Despertà</li>
<li class="ft-list__item">10.30 h:  Juegos Hinchables para los más pequeños</li>
<li class="ft-list__item">12.00 h: Pasacalles ‘Feria de abril’</li>
<li class="ft-list__item">17.30 h: Desfile de disfraces infantiles en la plaza San Antonio</li>
<li class="ft-list__item">19.30 h: Pasacalles de ‘Tribu’</li>
<li class="ft-list__item">23.30 h: Concurso de playbacks</li>
</ul>
<p class="ft-text"><strong>Domingo, 3 de mayo</strong></p>
<ul>
<li class="ft-text">08.00 h: Despertà</li>
<li class="ft-text">12.00 h: Pasacalles ‘multicolor’</li>
<li class="ft-text">13.30 h:  Entrega de premios Cruces de Mayo a las calles decoradas en la calle San Rafael.</li>
<li class="ft-text">19.30 h:  Misa rociera con la colaboración de la casa del coro Casa Andalucía de San Juan</li>
<li class="ft-text">20.00 h:  Procesión.</li>
<li class="ft-text">A las 24.00 h:  <strong>Castillo de fuegos artificiales</strong> frente a los bomberos ( Av Jaime II)  pondrá punto y final a las Cruces de Mayo de 2026</li>
</ul>

<p>PROGRAMACIÓN Jueves, 30 de abril 20:00 h: Pregón en la plaza de San Antonio a cargo de la concejala de Comercio, Lidia López. A continuación comenzará la plantà de las cruces y adornos en las calles. A partir de las 24:00 h: Verbena en la misma plaza Viernes, 1 de mayo  8:00 h Despertà a [&hellip;]</p>
