{"id":318180,"date":"2026-03-12T14:26:51","date_gmt":"2026-03-12T13:26:51","guid":{"rendered":"https:\/\/alicanteturismo.com\/events\/318176\/"},"modified":"2026-03-12T14:40:50","modified_gmt":"2026-03-12T13:40:50","slug":"318176","status":"publish","type":"mec-events","link":"https:\/\/alicanteturismo.com\/fr\/events\/318176\/","title":{"rendered":"Visites Guid\u00e9es : Abris Anti-a\u00e9riens d&rsquo;Alicante"},"content":{"rendered":"<p data-path-to-node=\"4\">\u00c0 partir du vendredi 20 prochain, six itin\u00e9raires guid\u00e9s seront ouverts au grand public pour d\u00e9couvrir les abris anti-a\u00e9riens et les points cl\u00e9s de l&rsquo;histoire d&rsquo;Alicante pendant la Guerre Civile. Ces parcours, con\u00e7us par l&rsquo;Association des Guides Officiels de Tourisme de la Communaut\u00e9 Valencienne, incluent une contextualisation historique au Centre d&rsquo;Interpr\u00e9tation ou pendant la visite.<\/p>\n<p data-path-to-node=\"5\"><b data-path-to-node=\"5\" data-index-in-node=\"0\">\ud83d\uddd3\ufe0f Horaires pour le grand public<\/b><\/p>\n<ul data-path-to-node=\"6\">\n<li>\n<p data-path-to-node=\"6,0,0\"><b data-path-to-node=\"6,0,0\" data-index-in-node=\"0\">Du lundi au vendredi :<\/b> 17h00.<\/p>\n<\/li>\n<li>\n<p data-path-to-node=\"6,1,0\"><b data-path-to-node=\"6,1,0\" data-index-in-node=\"0\">Samedis et dimanches :<\/b> 10h00.<\/p>\n<\/li>\n<\/ul>\n<p data-path-to-node=\"7\"><b data-path-to-node=\"7\" data-index-in-node=\"0\">\ud83d\udccd Itin\u00e9raires disponibles<\/b> Six parcours ont \u00e9t\u00e9 con\u00e7us incluant les huit abris visitables :<\/p>\n<ul data-path-to-node=\"8\">\n<li>\n<p data-path-to-node=\"8,0,0\"><b data-path-to-node=\"8,0,0\" data-index-in-node=\"0\">Route 1 :<\/b> Centre d&rsquo;Interpr\u00e9tation (Rue Portugal), abris R31 (Plaza de S\u00e9neca) et R46 (Plaza de Balmis). Comprend du mat\u00e9riel graphique, des maquettes du bombardement du March\u00e9 Central et des explications sur l&rsquo;exil \u00e0 bord du Stanbrook et du Mar\u00edtima.<\/p>\n<\/li>\n<li>\n<p data-path-to-node=\"8,1,0\"><b data-path-to-node=\"8,1,0\" data-index-in-node=\"0\">Route 2 :<\/b> Abris R35 (Av. General Marv\u00e1), R38 (Plaza M\u00fasico Tordera) et March\u00e9 Central (Plaza del 25 de mayo). Centr\u00e9e sur les syst\u00e8mes de d\u00e9fense passive et le bombardement du March\u00e9.<\/p>\n<\/li>\n<li>\n<p data-path-to-node=\"8,2,0\"><b data-path-to-node=\"8,2,0\" data-index-in-node=\"0\">Route 3 :<\/b> March\u00e9 Central, Abris R36 (Plaza Castell\u00f3n) et R69 (Manufacture de Tabac). Focus sur l&rsquo;aspect humain, social et le r\u00f4le des femmes.<\/p>\n<\/li>\n<li>\n<p data-path-to-node=\"8,3,0\"><b data-path-to-node=\"8,3,0\" data-index-in-node=\"0\">Route 4 :<\/b> Mairie, MeCID (Ville D\u00e9couverte), Rue Villavieja, Explanada et monument \u00e0 Archibald Dickson au Port. Analyse de l&rsquo;\u00e9volution urbaine et divers conflits historiques.<\/p>\n<\/li>\n<li>\n<p data-path-to-node=\"8,4,0\"><b data-path-to-node=\"8,4,0\" data-index-in-node=\"0\">Route 5 :<\/b> Tours de la Huerta, Monast\u00e8re de la Santa Faz et Abri de la Santa Faz. Contextualisation agricole et situations v\u00e9cues hors du centre urbain.<\/p>\n<\/li>\n<li>\n<p data-path-to-node=\"8,5,0\"><b data-path-to-node=\"8,5,0\" data-index-in-node=\"0\">Route 6 :<\/b> Abri R96 (Benal\u00faa Sur), Gare de Murcia, Sant\u00e9 Portuaire, Club de Regatas et Port. Impact de la guerre sur la zone portuaire et fin du conflit.<\/p>\n<\/li>\n<\/ul>\n<p data-path-to-node=\"9\"><b data-path-to-node=\"9\" data-index-in-node=\"0\">\u2139\ufe0f Informations pratiques<\/b><\/p>\n<ul data-path-to-node=\"10\">\n<li>\n<p data-path-to-node=\"10,0,0\"><b data-path-to-node=\"10,0,0\" data-index-in-node=\"0\">Tarif g\u00e9n\u00e9ral :<\/b> 4,95 \u20ac<\/p>\n<\/li>\n<li>\n<p data-path-to-node=\"10,1,0\"><b data-path-to-node=\"10,1,0\" data-index-in-node=\"0\">Tarif centres \u00e9ducatifs :<\/b> 2,97 \u20ac<\/p>\n<\/li>\n<li>\n<p data-path-to-node=\"10,2,0\"><b data-path-to-node=\"10,2,0\" data-index-in-node=\"0\">R\u00e9servation obligatoire :<\/b> refugios@guiasoficialescv.com<\/p>\n<\/li>\n<\/ul>\n","protected":false},"excerpt":{"rendered":"<p>\u00c0 partir du vendredi 20 prochain, six itin\u00e9raires guid\u00e9s seront ouverts au grand public pour d\u00e9couvrir les abris anti-a\u00e9riens et les points cl\u00e9s de l&rsquo;histoire d&rsquo;Alicante pendant la Guerre Civile. Ces parcours, con\u00e7us par l&rsquo;Association des Guides Officiels de Tourisme de la Communaut\u00e9 Valencienne, incluent une contextualisation historique au Centre d&rsquo;Interpr\u00e9tation ou pendant la visite. [&hellip;]<\/p>\n","protected":false},"author":5,"featured_media":269223,"template":"","tags":[],"mec_category":[1163,1366,1013,1079,1078],"class_list":["post-318180","mec-events","type-mec-events","status-publish","has-post-thumbnail","hentry","mec_category-educational-and-corporate-activities-fr","mec_category-rutas-fr","mec_category-culture-fr","mec_category-guided-tours-fr","mec_category-visits-fr"],"acf":[],"_links":{"self":[{"href":"https:\/\/alicanteturismo.com\/fr\/wp-json\/wp\/v2\/mec-events\/318180","targetHints":{"allow":["GET"]}}],"collection":[{"href":"https:\/\/alicanteturismo.com\/fr\/wp-json\/wp\/v2\/mec-events"}],"about":[{"href":"https:\/\/alicanteturismo.com\/fr\/wp-json\/wp\/v2\/types\/mec-events"}],"author":[{"embeddable":true,"href":"https:\/\/alicanteturismo.com\/fr\/wp-json\/wp\/v2\/users\/5"}],"version-history":[{"count":0,"href":"https:\/\/alicanteturismo.com\/fr\/wp-json\/wp\/v2\/mec-events\/318180\/revisions"}],"wp:featuredmedia":[{"embeddable":true,"href":"https:\/\/alicanteturismo.com\/fr\/wp-json\/wp\/v2\/media\/269223"}],"wp:attachment":[{"href":"https:\/\/alicanteturismo.com\/fr\/wp-json\/wp\/v2\/media?parent=318180"}],"wp:term":[{"taxonomy":"post_tag","embeddable":true,"href":"https:\/\/alicanteturismo.com\/fr\/wp-json\/wp\/v2\/tags?post=318180"},{"taxonomy":"mec_category","embeddable":true,"href":"https:\/\/alicanteturismo.com\/fr\/wp-json\/wp\/v2\/mec_category?post=318180"}],"curies":[{"name":"wp","href":"https:\/\/api.w.org\/{rel}","templated":true}]}}

Visites Guidées : Abris Anti-aériens d&rsquo;Alicante

<p data-path-to-node="4">À partir du vendredi 20 prochain, six itinéraires guidés seront ouverts au grand public pour découvrir les abris anti-aériens et les points clés de l&rsquo;histoire d&rsquo;Alicante pendant la Guerre Civile. Ces parcours, conçus par l&rsquo;Association des Guides Officiels de Tourisme de la Communauté Valencienne, incluent une contextualisation historique au Centre d&rsquo;Interprétation ou pendant la visite.</p>
<p data-path-to-node="5"><b data-path-to-node="5" data-index-in-node="0">🗓️ Horaires pour le grand public</b></p>
<ul data-path-to-node="6">
<li>
<p data-path-to-node="6,0,0"><b data-path-to-node="6,0,0" data-index-in-node="0">Du lundi au vendredi :</b> 17h00.</p>
</li>
<li>
<p data-path-to-node="6,1,0"><b data-path-to-node="6,1,0" data-index-in-node="0">Samedis et dimanches :</b> 10h00.</p>
</li>
</ul>
<p data-path-to-node="7"><b data-path-to-node="7" data-index-in-node="0">📍 Itinéraires disponibles</b> Six parcours ont été conçus incluant les huit abris visitables :</p>
<ul data-path-to-node="8">
<li>
<p data-path-to-node="8,0,0"><b data-path-to-node="8,0,0" data-index-in-node="0">Route 1 :</b> Centre d&rsquo;Interprétation (Rue Portugal), abris R31 (Plaza de Séneca) et R46 (Plaza de Balmis). Comprend du matériel graphique, des maquettes du bombardement du Marché Central et des explications sur l&rsquo;exil à bord du Stanbrook et du Marítima.</p>
</li>
<li>
<p data-path-to-node="8,1,0"><b data-path-to-node="8,1,0" data-index-in-node="0">Route 2 :</b> Abris R35 (Av. General Marvá), R38 (Plaza Músico Tordera) et Marché Central (Plaza del 25 de mayo). Centrée sur les systèmes de défense passive et le bombardement du Marché.</p>
</li>
<li>
<p data-path-to-node="8,2,0"><b data-path-to-node="8,2,0" data-index-in-node="0">Route 3 :</b> Marché Central, Abris R36 (Plaza Castellón) et R69 (Manufacture de Tabac). Focus sur l&rsquo;aspect humain, social et le rôle des femmes.</p>
</li>
<li>
<p data-path-to-node="8,3,0"><b data-path-to-node="8,3,0" data-index-in-node="0">Route 4 :</b> Mairie, MeCID (Ville Découverte), Rue Villavieja, Explanada et monument à Archibald Dickson au Port. Analyse de l&rsquo;évolution urbaine et divers conflits historiques.</p>
</li>
<li>
<p data-path-to-node="8,4,0"><b data-path-to-node="8,4,0" data-index-in-node="0">Route 5 :</b> Tours de la Huerta, Monastère de la Santa Faz et Abri de la Santa Faz. Contextualisation agricole et situations vécues hors du centre urbain.</p>
</li>
<li>
<p data-path-to-node="8,5,0"><b data-path-to-node="8,5,0" data-index-in-node="0">Route 6 :</b> Abri R96 (Benalúa Sur), Gare de Murcia, Santé Portuaire, Club de Regatas et Port. Impact de la guerre sur la zone portuaire et fin du conflit.</p>
</li>
</ul>
<p data-path-to-node="9"><b data-path-to-node="9" data-index-in-node="0">ℹ️ Informations pratiques</b></p>
<ul data-path-to-node="10">
<li>
<p data-path-to-node="10,0,0"><b data-path-to-node="10,0,0" data-index-in-node="0">Tarif général :</b> 4,95 €</p>
</li>
<li>
<p data-path-to-node="10,1,0"><b data-path-to-node="10,1,0" data-index-in-node="0">Tarif centres éducatifs :</b> 2,97 €</p>
</li>
<li>
<p data-path-to-node="10,2,0"><b data-path-to-node="10,2,0" data-index-in-node="0">Réservation obligatoire :</b> refugios@guiasoficialescv.com</p>
</li>
</ul>

<p>À partir du vendredi 20 prochain, six itinéraires guidés seront ouverts au grand public pour découvrir les abris anti-aériens et les points clés de l&rsquo;histoire d&rsquo;Alicante pendant la Guerre Civile. Ces parcours, conçus par l&rsquo;Association des Guides Officiels de Tourisme de la Communauté Valencienne, incluent une contextualisation historique au Centre d&rsquo;Interprétation ou pendant la visite. [&hellip;]</p>
