{"id":316792,"date":"2026-02-20T11:07:00","date_gmt":"2026-02-20T10:07:00","guid":{"rendered":"https:\/\/alicanteturismo.com\/?post_type=mec-events&#038;p=316792"},"modified":"2026-02-20T11:14:51","modified_gmt":"2026-02-20T10:14:51","slug":"exposicion-maca-soledad-sevilla-esperando-a-sempere","status":"publish","type":"mec-events","link":"https:\/\/alicanteturismo.com\/fr\/events\/exposicion-maca-soledad-sevilla-esperando-a-sempere\/","title":{"rendered":"Exposici\u00f3n en el MACA. Soledad Sevilla [esperando a Sempere]"},"content":{"rendered":"<p><strong>T\u00edtulo<\/strong>: Soledad Sevilla [Esperando a Sempere]<\/p>\n<p><strong>Organiza<\/strong>: MACA, Museo de Arte Contempor\u00e1neo de Alicante<\/p>\n<p><strong>Comisaria<\/strong>: Rosa Castells<\/p>\n<p>Del 20 de febrero al 17 de mayo de 2026<\/p>\n<p>Soledad Sevilla [Esperando a Sempere] es una exposici\u00f3n especial en la trayectoria de la artista: un proyecto que cierra un c\u00edrculo vital y creativo y que, al mismo tiempo, resulta imprescindible para el MACA, museo cuyos or\u00edgenes est\u00e1n \u00edntimamente ligados a la colecci\u00f3n del artista alicantino Eusebio Sempere.<\/p>\n<p>Sevilla y Sempere se conocieron en la d\u00e9cada de 1960. Entre ambos surgi\u00f3 una admiraci\u00f3n mutua y \u201cuna profunda y entra\u00f1able amistad\u201d, al tiempo que coincid\u00edan en algunos de los proyectos m\u00e1s relevantes en torno a la abstracci\u00f3n geom\u00e9trica del contexto art\u00edstico espa\u00f1ol. Un inter\u00e9s com\u00fan por la l\u00ednea, una pr\u00e1ctica rigurosa de la composici\u00f3n y una deriva hacia lo sensitivo \u2014hacia una geometr\u00eda m\u00e1s blanda y emotiva\u2014 conectan la obra de Sempere y Sevilla. Esta afinidad po\u00e9tica con el artista alicantino atraviesa toda la carrera de Sevilla: desde los inicios hasta su producci\u00f3n m\u00e1s reciente, como las series pintadas desde el verano de 2022 concebidas como inspiraci\u00f3n y homenaje a su amigo.<\/p>\n<p><strong>HORARIOS DEL MUSEO<\/strong><\/p>\n<div id=\"col-295728483\" class=\"col medium-4 small-12 large-4\">\n<div class=\"col-inner text-shadow-2\">\n<p class=\"uppercase\"><strong>invierno (del 1 de octubre al 30 de JUNIO)<\/strong><\/p>\n<h5>Salas de exposiciones:<\/h5>\n<p>De martes a viernes de 10 a 20 horas ininterrumpidamente.<\/p>\n<p><strong>S\u00e1bados de 11 a 20 horas.<\/strong><\/p>\n<p><strong>Domingos y festivos de 10 a 14 horas.<\/strong><\/p>\n<p><strong>Lunes cerrado.<\/strong><\/p>\n<h5>Biblioteca:<\/h5>\n<p>De martes a viernes<br \/>\nde 10 a 15 horas<\/p>\n<p>S\u00e1bados, domingos y festivos cerrado.<\/p>\n<\/div>\n<\/div>\n<div id=\"col-127939568\" class=\"col medium-4 small-12 large-4\">\n<div class=\"col-inner text-shadow-2\">\n<p class=\"uppercase\"><strong>D\u00edas de cierre<\/strong><\/p>\n<p>El Museo permanecer\u00e1 cerrado los d\u00edas 24, 25 y 31 de diciembre, 1 y 6 de enero, 1 de mayo\u00a0y las festividades locales de Santa Faz y San Juan. Este calendario podr\u00e1 ampliarse a lo largo del a\u00f1o.<\/p>\n<p>El 9 y 12 de octubre, 1 de noviembre, 6 y 8 de diciembre, 19 de marzo, Viernes Santo el museo permanecer\u00e1 abierto en horario de festivo.<\/p>\n<\/div>\n<p>Museo de Arte Contempor\u00e1neo de Alicante<br \/>\nPlaza de Santa Mar\u00eda, 3<br \/>\n03002- Alicante<br \/>\nTel. 965213156<\/p>\n<\/div>\n","protected":false},"excerpt":{"rendered":"<p>T\u00edtulo: Soledad Sevilla [Esperando a Sempere] Organiza: MACA, Museo de Arte Contempor\u00e1neo de Alicante Comisaria: Rosa Castells Del 20 de febrero al 17 de mayo de 2026 Soledad Sevilla [Esperando a Sempere] es una exposici\u00f3n especial en la trayectoria de la artista: un proyecto que cierra un c\u00edrculo vital y creativo y que, al mismo [&hellip;]<\/p>\n","protected":false},"author":5,"featured_media":316793,"template":"","tags":[],"mec_category":[582,610],"class_list":["post-316792","mec-events","type-mec-events","status-publish","has-post-thumbnail","hentry","mec_category-cultura","mec_category-exposiciones"],"acf":[],"_links":{"self":[{"href":"https:\/\/alicanteturismo.com\/fr\/wp-json\/wp\/v2\/mec-events\/316792","targetHints":{"allow":["GET"]}}],"collection":[{"href":"https:\/\/alicanteturismo.com\/fr\/wp-json\/wp\/v2\/mec-events"}],"about":[{"href":"https:\/\/alicanteturismo.com\/fr\/wp-json\/wp\/v2\/types\/mec-events"}],"author":[{"embeddable":true,"href":"https:\/\/alicanteturismo.com\/fr\/wp-json\/wp\/v2\/users\/5"}],"version-history":[{"count":0,"href":"https:\/\/alicanteturismo.com\/fr\/wp-json\/wp\/v2\/mec-events\/316792\/revisions"}],"wp:featuredmedia":[{"embeddable":true,"href":"https:\/\/alicanteturismo.com\/fr\/wp-json\/wp\/v2\/media\/316793"}],"wp:attachment":[{"href":"https:\/\/alicanteturismo.com\/fr\/wp-json\/wp\/v2\/media?parent=316792"}],"wp:term":[{"taxonomy":"post_tag","embeddable":true,"href":"https:\/\/alicanteturismo.com\/fr\/wp-json\/wp\/v2\/tags?post=316792"},{"taxonomy":"mec_category","embeddable":true,"href":"https:\/\/alicanteturismo.com\/fr\/wp-json\/wp\/v2\/mec_category?post=316792"}],"curies":[{"name":"wp","href":"https:\/\/api.w.org\/{rel}","templated":true}]}}

Exposición en el MACA. Soledad Sevilla [esperando a Sempere]

<p><strong>Título</strong>: Soledad Sevilla [Esperando a Sempere]</p>
<p><strong>Organiza</strong>: MACA, Museo de Arte Contemporáneo de Alicante</p>
<p><strong>Comisaria</strong>: Rosa Castells</p>
<p>Del 20 de febrero al 17 de mayo de 2026</p>
<p>Soledad Sevilla [Esperando a Sempere] es una exposición especial en la trayectoria de la artista: un proyecto que cierra un círculo vital y creativo y que, al mismo tiempo, resulta imprescindible para el MACA, museo cuyos orígenes están íntimamente ligados a la colección del artista alicantino Eusebio Sempere.</p>
<p>Sevilla y Sempere se conocieron en la década de 1960. Entre ambos surgió una admiración mutua y “una profunda y entrañable amistad”, al tiempo que coincidían en algunos de los proyectos más relevantes en torno a la abstracción geométrica del contexto artístico español. Un interés común por la línea, una práctica rigurosa de la composición y una deriva hacia lo sensitivo —hacia una geometría más blanda y emotiva— conectan la obra de Sempere y Sevilla. Esta afinidad poética con el artista alicantino atraviesa toda la carrera de Sevilla: desde los inicios hasta su producción más reciente, como las series pintadas desde el verano de 2022 concebidas como inspiración y homenaje a su amigo.</p>
<p><strong>HORARIOS DEL MUSEO</strong></p>
<div id="col-295728483" class="col medium-4 small-12 large-4">
<div class="col-inner text-shadow-2">
<p class="uppercase"><strong>invierno (del 1 de octubre al 30 de JUNIO)</strong></p>
<h5>Salas de exposiciones:</h5>
<p>De martes a viernes de 10 a 20 horas ininterrumpidamente.</p>
<p><strong>Sábados de 11 a 20 horas.</strong></p>
<p><strong>Domingos y festivos de 10 a 14 horas.</strong></p>
<p><strong>Lunes cerrado.</strong></p>
<h5>Biblioteca:</h5>
<p>De martes a viernes<br />
de 10 a 15 horas</p>
<p>Sábados, domingos y festivos cerrado.</p>
</div>
</div>
<div id="col-127939568" class="col medium-4 small-12 large-4">
<div class="col-inner text-shadow-2">
<p class="uppercase"><strong>Días de cierre</strong></p>
<p>El Museo permanecerá cerrado los días 24, 25 y 31 de diciembre, 1 y 6 de enero, 1 de mayo y las festividades locales de Santa Faz y San Juan. Este calendario podrá ampliarse a lo largo del año.</p>
<p>El 9 y 12 de octubre, 1 de noviembre, 6 y 8 de diciembre, 19 de marzo, Viernes Santo el museo permanecerá abierto en horario de festivo.</p>
</div>
<p>Museo de Arte Contemporáneo de Alicante<br />
Plaza de Santa María, 3<br />
03002- Alicante<br />
Tel. 965213156</p>
</div>

<p>Título: Soledad Sevilla [Esperando a Sempere] Organiza: MACA, Museo de Arte Contemporáneo de Alicante Comisaria: Rosa Castells Del 20 de febrero al 17 de mayo de 2026 Soledad Sevilla [Esperando a Sempere] es una exposición especial en la trayectoria de la artista: un proyecto que cierra un círculo vital y creativo y que, al mismo [&hellip;]</p>
