{"id":314625,"date":"2025-12-04T11:51:08","date_gmt":"2025-12-04T10:51:08","guid":{"rendered":"https:\/\/alicanteturismo.com\/?post_type=mec-events&#038;p=314625"},"modified":"2025-12-04T11:51:08","modified_gmt":"2025-12-04T10:51:08","slug":"dinamizacion-navidena-en-plazas-mercados-y-mercadillos-de-alicante","status":"publish","type":"mec-events","link":"https:\/\/alicanteturismo.com\/fr\/events\/dinamizacion-navidena-en-plazas-mercados-y-mercadillos-de-alicante\/","title":{"rendered":"Dinamizaci\u00f3n navide\u00f1a en plazas, mercados y mercadillos de Alicante"},"content":{"rendered":"<p>La <strong>concejal\u00eda de Comercio, Hosteler\u00eda, Consumo y Mercados del Ayuntamiento de Alicante<\/strong>, junto con las asociaciones comerciales de la ciudad, pone en marcha un programa de <strong>20 jornadas de dinamizaci\u00f3n navide\u00f1a<\/strong> para revitalizar el comercio local y ofrecer a vecinos y visitantes una experiencia festiva en los <strong>barrios, plazas, mercadillos y mercados municipales de la ciudad.<\/strong><\/p>\n<p>Bajo el lema <strong>\u201cLa Navidad que m\u00e1s sonr\u00ede\u201d<\/strong>, la campa\u00f1a se desarrollar\u00e1 del <strong>12 al 30 de diciembre<\/strong>, con actividades de ma\u00f1ana y tarde, incluyendo <strong>talleres navide\u00f1os, animaci\u00f3n, espect\u00e1culos, m\u00fasica, photocall, juegos, realidad virtual y visitas de Pap\u00e1 Noel y los Elfos<\/strong>.<\/p>\n<p>El programa ha sido coordinado con los comerciantes para reforzar la actividad comercial durante estas fechas se\u00f1aladas, incentivando las compras en los comercios de proximidad y animando a recorrer las calles y plazas de la ciudad.<\/p>\n<h3 class=\"western\"><strong>Programaci\u00f3n:<\/strong><\/h3>\n<p><strong>Plazas:<\/strong><\/p>\n<ul>\n<li>Plaza Am\u00e9rica \u2013 viernes 12 diciembre<\/li>\n<li>Plaza de Argel \u2013 s\u00e1bado 13 diciembre<\/li>\n<li>Plaza Magallanes \u2013 viernes 19 diciembre<\/li>\n<li>Plaza Pla-Carolinas \u2013 s\u00e1bado 20 diciembre<\/li>\n<li>Plaza Navarro Rodrigo \u2013 lunes 22 diciembre<\/li>\n<li>Pau 5 \u2013 martes 23 diciembre<\/li>\n<li>Historiador Vicente Ramos \u2013 martes 23 diciembre<\/li>\n<li>Plaza Calvo Sotelo \u2013 viernes 26 diciembre<\/li>\n<li>Plaza San Blas \u2013 s\u00e1bado 27 diciembre<\/li>\n<li>Plaza Villafranqueza \u2013 lunes 29 diciembre<\/li>\n<li>San Gabriel \u2013 martes 30 diciembre<\/li>\n<\/ul>\n<p><strong>Mercadillos:<\/strong><\/p>\n<ul>\n<li>Benal\u00faa \u2013 jueves 18 diciembre<\/li>\n<li>Carolinas \u2013 s\u00e1bado 20 diciembre<\/li>\n<li>Babel \u2013 s\u00e1bado 20 diciembre<\/li>\n<li>Teulada \u2013 s\u00e1bado 27 diciembre<\/li>\n<\/ul>\n<p><strong>Mercados municipales (actividades especiales con Pap\u00e1 Noel y carteros reales):<\/strong><\/p>\n<ul>\n<li>Central, Babel, Benal\u00faa y Carolinas \u2013 20, 22, 23 y 24 de diciembre, y 3 y 5 de enero.<\/li>\n<li>Horario: 11:00 a 13:00 h<\/li>\n<\/ul>\n<p><strong>Mercadillos con talleres infantiles y animaci\u00f3n:<\/strong><\/p>\n<ul>\n<li>Benal\u00faa \u2013 18 diciembre<\/li>\n<li>Carolinas y Babel \u2013 20 diciembre<\/li>\n<li>Teulada \u2013 27 diciembre<\/li>\n<li>Horario: 10:30 a 12:30 h<\/li>\n<\/ul>\n<h3 class=\"western\"><strong>Informaci\u00f3n pr\u00e1ctica:<\/strong><\/h3>\n<p><strong>\ud83d\udcc5 Fechas:<\/strong> Del 12 al 30 de diciembre de 2025<br \/>\n<strong>\ud83d\udccd Lugares:<\/strong> Plazas, mercadillos y mercados municipales de Alicante<br \/>\n<strong>\ud83d\udd52 Horario:<\/strong> Ma\u00f1ana y tarde, seg\u00fan la actividad<br \/>\n<strong>\ud83c\udf9f Entrada:<\/strong> Gratuita<\/p>\n","protected":false},"excerpt":{"rendered":"<p>La concejal\u00eda de Comercio, Hosteler\u00eda, Consumo y Mercados del Ayuntamiento de Alicante, junto con las asociaciones comerciales de la ciudad, pone en marcha un programa de 20 jornadas de dinamizaci\u00f3n navide\u00f1a para revitalizar el comercio local y ofrecer a vecinos y visitantes una experiencia festiva en los barrios, plazas, mercadillos y mercados municipales de la [&hellip;]<\/p>\n","protected":false},"author":5,"featured_media":0,"template":"","tags":[1665,338,1666,229,1667],"mec_category":[589,580,578,571,605],"class_list":["post-314625","mec-events","type-mec-events","status-publish","hentry","tag-comercios","tag-mercadillos","tag-mercados","tag-navidad","tag-plazas","mec_category-compras","mec_category-fiestas","mec_category-navidad","mec_category-ninos","mec_category-ocio"],"acf":[],"_links":{"self":[{"href":"https:\/\/alicanteturismo.com\/fr\/wp-json\/wp\/v2\/mec-events\/314625","targetHints":{"allow":["GET"]}}],"collection":[{"href":"https:\/\/alicanteturismo.com\/fr\/wp-json\/wp\/v2\/mec-events"}],"about":[{"href":"https:\/\/alicanteturismo.com\/fr\/wp-json\/wp\/v2\/types\/mec-events"}],"author":[{"embeddable":true,"href":"https:\/\/alicanteturismo.com\/fr\/wp-json\/wp\/v2\/users\/5"}],"version-history":[{"count":0,"href":"https:\/\/alicanteturismo.com\/fr\/wp-json\/wp\/v2\/mec-events\/314625\/revisions"}],"wp:attachment":[{"href":"https:\/\/alicanteturismo.com\/fr\/wp-json\/wp\/v2\/media?parent=314625"}],"wp:term":[{"taxonomy":"post_tag","embeddable":true,"href":"https:\/\/alicanteturismo.com\/fr\/wp-json\/wp\/v2\/tags?post=314625"},{"taxonomy":"mec_category","embeddable":true,"href":"https:\/\/alicanteturismo.com\/fr\/wp-json\/wp\/v2\/mec_category?post=314625"}],"curies":[{"name":"wp","href":"https:\/\/api.w.org\/{rel}","templated":true}]}}

Dinamización navideña en plazas, mercados y mercadillos de Alicante

<p>La <strong>concejalía de Comercio, Hostelería, Consumo y Mercados del Ayuntamiento de Alicante</strong>, junto con las asociaciones comerciales de la ciudad, pone en marcha un programa de <strong>20 jornadas de dinamización navideña</strong> para revitalizar el comercio local y ofrecer a vecinos y visitantes una experiencia festiva en los <strong>barrios, plazas, mercadillos y mercados municipales de la ciudad.</strong></p>
<p>Bajo el lema <strong>“La Navidad que más sonríe”</strong>, la campaña se desarrollará del <strong>12 al 30 de diciembre</strong>, con actividades de mañana y tarde, incluyendo <strong>talleres navideños, animación, espectáculos, música, photocall, juegos, realidad virtual y visitas de Papá Noel y los Elfos</strong>.</p>
<p>El programa ha sido coordinado con los comerciantes para reforzar la actividad comercial durante estas fechas señaladas, incentivando las compras en los comercios de proximidad y animando a recorrer las calles y plazas de la ciudad.</p>
<h3 class="western"><strong>Programación:</strong></h3>
<p><strong>Plazas:</strong></p>
<ul>
<li>Plaza América – viernes 12 diciembre</li>
<li>Plaza de Argel – sábado 13 diciembre</li>
<li>Plaza Magallanes – viernes 19 diciembre</li>
<li>Plaza Pla-Carolinas – sábado 20 diciembre</li>
<li>Plaza Navarro Rodrigo – lunes 22 diciembre</li>
<li>Pau 5 – martes 23 diciembre</li>
<li>Historiador Vicente Ramos – martes 23 diciembre</li>
<li>Plaza Calvo Sotelo – viernes 26 diciembre</li>
<li>Plaza San Blas – sábado 27 diciembre</li>
<li>Plaza Villafranqueza – lunes 29 diciembre</li>
<li>San Gabriel – martes 30 diciembre</li>
</ul>
<p><strong>Mercadillos:</strong></p>
<ul>
<li>Benalúa – jueves 18 diciembre</li>
<li>Carolinas – sábado 20 diciembre</li>
<li>Babel – sábado 20 diciembre</li>
<li>Teulada – sábado 27 diciembre</li>
</ul>
<p><strong>Mercados municipales (actividades especiales con Papá Noel y carteros reales):</strong></p>
<ul>
<li>Central, Babel, Benalúa y Carolinas – 20, 22, 23 y 24 de diciembre, y 3 y 5 de enero.</li>
<li>Horario: 11:00 a 13:00 h</li>
</ul>
<p><strong>Mercadillos con talleres infantiles y animación:</strong></p>
<ul>
<li>Benalúa – 18 diciembre</li>
<li>Carolinas y Babel – 20 diciembre</li>
<li>Teulada – 27 diciembre</li>
<li>Horario: 10:30 a 12:30 h</li>
</ul>
<h3 class="western"><strong>Información práctica:</strong></h3>
<p><strong>📅 Fechas:</strong> Del 12 al 30 de diciembre de 2025<br />
<strong>📍 Lugares:</strong> Plazas, mercadillos y mercados municipales de Alicante<br />
<strong>🕒 Horario:</strong> Mañana y tarde, según la actividad<br />
<strong>🎟 Entrada:</strong> Gratuita</p>

<p>La concejalía de Comercio, Hostelería, Consumo y Mercados del Ayuntamiento de Alicante, junto con las asociaciones comerciales de la ciudad, pone en marcha un programa de 20 jornadas de dinamización navideña para revitalizar el comercio local y ofrecer a vecinos y visitantes una experiencia festiva en los barrios, plazas, mercadillos y mercados municipales de la [&hellip;]</p>
