{"id":319805,"date":"2026-04-29T09:14:36","date_gmt":"2026-04-29T07:14:36","guid":{"rendered":"https:\/\/alicanteturismo.com\/?post_type=mec-events&#038;p=319805"},"modified":"2026-04-29T09:14:36","modified_gmt":"2026-04-29T07:14:36","slug":"feria-del-libro","status":"publish","type":"mec-events","link":"https:\/\/alicanteturismo.com\/en\/events\/feria-del-libro\/","title":{"rendered":"56\u00aa Feria del Libro de Alicante: \u201cUn libro, un comienzo, una historia\u201d"},"content":{"rendered":"<p data-path-to-node=\"3\"><b data-path-to-node=\"3\" data-index-in-node=\"0\">La gran fiesta de las letras vuelve al Espacio S\u00e9neca del 6 al 10 de mayo con m\u00e1s de 200 actividades, autores de prestigio nacional y una treintena de casetas.<\/b><\/p>\n<p data-path-to-node=\"4\">Alicante se convierte en el epicentro literario del Mediterr\u00e1neo con la celebraci\u00f3n de la <b data-path-to-node=\"4\" data-index-in-node=\"90\">56\u00aa Feria del Libro<\/b>. En esta edici\u00f3n, el emblem\u00e1tico <b data-path-to-node=\"4\" data-index-in-node=\"143\">Espacio S\u00e9neca<\/b> acoger\u00e1 a grandes figuras de la narrativa contempor\u00e1nea como Lorenzo Silva, Manuel Vilas, Luz Gab\u00e1s y Marta Robles, en un entorno dise\u00f1ado para disfrutar de la lectura en familia.<\/p>\n<h3 data-path-to-node=\"5\">Datos del Evento<\/h3>\n<ul data-path-to-node=\"6\">\n<li>\n<p data-path-to-node=\"6,0,0\"><b data-path-to-node=\"6,0,0\" data-index-in-node=\"0\">Fecha:<\/b> Del 6 al 10 de mayo de 2026.<\/p>\n<\/li>\n<li>\n<p data-path-to-node=\"6,1,0\"><b data-path-to-node=\"6,1,0\" data-index-in-node=\"0\">Lugar:<\/b> Espacio S\u00e9neca (Antigua Estaci\u00f3n de Autobuses).<\/p>\n<\/li>\n<li>\n<p data-path-to-node=\"6,2,0\"><b data-path-to-node=\"6,2,0\" data-index-in-node=\"0\">Acceso:<\/b> Gratuito.<\/p>\n<\/li>\n<li>\n<p data-path-to-node=\"6,3,0\"><b data-path-to-node=\"6,3,0\" data-index-in-node=\"0\">P\u00fablico:<\/b> Todos los p\u00fablicos (programaci\u00f3n especial infantil y juvenil).<\/p>\n<\/li>\n<\/ul>\n","protected":false},"excerpt":{"rendered":"<p>La gran fiesta de las letras vuelve al Espacio S\u00e9neca del 6 al 10 de mayo con m\u00e1s de 200 actividades, autores de prestigio nacional y una treintena de casetas. Alicante se convierte en el epicentro literario del Mediterr\u00e1neo con la celebraci\u00f3n de la 56\u00aa Feria del Libro. En esta edici\u00f3n, el emblem\u00e1tico Espacio S\u00e9neca [&hellip;]<\/p>\n","protected":false},"author":5,"featured_media":319806,"template":"","tags":[],"mec_category":[582,704,590],"class_list":["post-319805","mec-events","type-mec-events","status-publish","has-post-thumbnail","hentry","mec_category-cultura","mec_category-destacado","mec_category-ferias"],"acf":[],"_links":{"self":[{"href":"https:\/\/alicanteturismo.com\/en\/wp-json\/wp\/v2\/mec-events\/319805","targetHints":{"allow":["GET"]}}],"collection":[{"href":"https:\/\/alicanteturismo.com\/en\/wp-json\/wp\/v2\/mec-events"}],"about":[{"href":"https:\/\/alicanteturismo.com\/en\/wp-json\/wp\/v2\/types\/mec-events"}],"author":[{"embeddable":true,"href":"https:\/\/alicanteturismo.com\/en\/wp-json\/wp\/v2\/users\/5"}],"version-history":[{"count":1,"href":"https:\/\/alicanteturismo.com\/en\/wp-json\/wp\/v2\/mec-events\/319805\/revisions"}],"predecessor-version":[{"id":319811,"href":"https:\/\/alicanteturismo.com\/en\/wp-json\/wp\/v2\/mec-events\/319805\/revisions\/319811"}],"wp:featuredmedia":[{"embeddable":true,"href":"https:\/\/alicanteturismo.com\/en\/wp-json\/wp\/v2\/media\/319806"}],"wp:attachment":[{"href":"https:\/\/alicanteturismo.com\/en\/wp-json\/wp\/v2\/media?parent=319805"}],"wp:term":[{"taxonomy":"post_tag","embeddable":true,"href":"https:\/\/alicanteturismo.com\/en\/wp-json\/wp\/v2\/tags?post=319805"},{"taxonomy":"mec_category","embeddable":true,"href":"https:\/\/alicanteturismo.com\/en\/wp-json\/wp\/v2\/mec_category?post=319805"}],"curies":[{"name":"wp","href":"https:\/\/api.w.org\/{rel}","templated":true}]}}

56ª Feria del Libro de Alicante: “Un libro, un comienzo, una historia”

<p data-path-to-node="3"><b data-path-to-node="3" data-index-in-node="0">La gran fiesta de las letras vuelve al Espacio Séneca del 6 al 10 de mayo con más de 200 actividades, autores de prestigio nacional y una treintena de casetas.</b></p>
<p data-path-to-node="4">Alicante se convierte en el epicentro literario del Mediterráneo con la celebración de la <b data-path-to-node="4" data-index-in-node="90">56ª Feria del Libro</b>. En esta edición, el emblemático <b data-path-to-node="4" data-index-in-node="143">Espacio Séneca</b> acogerá a grandes figuras de la narrativa contemporánea como Lorenzo Silva, Manuel Vilas, Luz Gabás y Marta Robles, en un entorno diseñado para disfrutar de la lectura en familia.</p>
<h3 data-path-to-node="5">Datos del Evento</h3>
<ul data-path-to-node="6">
<li>
<p data-path-to-node="6,0,0"><b data-path-to-node="6,0,0" data-index-in-node="0">Fecha:</b> Del 6 al 10 de mayo de 2026.</p>
</li>
<li>
<p data-path-to-node="6,1,0"><b data-path-to-node="6,1,0" data-index-in-node="0">Lugar:</b> Espacio Séneca (Antigua Estación de Autobuses).</p>
</li>
<li>
<p data-path-to-node="6,2,0"><b data-path-to-node="6,2,0" data-index-in-node="0">Acceso:</b> Gratuito.</p>
</li>
<li>
<p data-path-to-node="6,3,0"><b data-path-to-node="6,3,0" data-index-in-node="0">Público:</b> Todos los públicos (programación especial infantil y juvenil).</p>
</li>
</ul>

<p>La gran fiesta de las letras vuelve al Espacio Séneca del 6 al 10 de mayo con más de 200 actividades, autores de prestigio nacional y una treintena de casetas. Alicante se convierte en el epicentro literario del Mediterráneo con la celebración de la 56ª Feria del Libro. En esta edición, el emblemático Espacio Séneca [&hellip;]</p>
