{"id":299512,"date":"2025-02-06T09:51:24","date_gmt":"2025-02-06T08:51:24","guid":{"rendered":"https:\/\/alicanteturismo.com\/events\/three-kings-cavalcade\/"},"modified":"2025-02-06T09:51:24","modified_gmt":"2025-02-06T08:51:24","slug":"three-kings-cavalcade","status":"publish","type":"mec-events","link":"https:\/\/alicanteturismo.com\/en\/events\/three-kings-cavalcade\/","title":{"rendered":"Three Kings Cavalcade"},"content":{"rendered":"<p>On January 5, the Three Wise Men will arrive at the <strong>Port of Alicante<\/strong> (Levante\u00b4s dock) around 17:00 hours.<\/p>\n<p>They will then head to the <strong>Plaza de Toros<\/strong>, where a children&#8217;s show will be performed before greeting the children from the bullring.<\/p>\n<p>The<strong> parade<\/strong> will depart from <strong>Avenida de la Estaci\u00f3n at 19:00 pm.<\/strong><\/p>\n<p>Route:<\/p>\n<ul>\n<li>Plaza de Los Luceros<\/li>\n<li>Alfonso El Sabio Avenue<\/li>\n<li>Rambla M\u00e9ndez N\u00fa\u00f1ez<\/li>\n<li>Rafael Altamira Street<\/li>\n<li>City council square, where Melchor, Gaspar and Baltasar will address the little ones.<\/li>\n<\/ul>\n","protected":false},"excerpt":{"rendered":"<p>On January 5, the Three Wise Men will arrive at the Port of Alicante (Levante\u00b4s dock) around 17:00 hours. They will then head to the Plaza de Toros, where a children&#8217;s show will be performed before greeting the children from the bullring. The parade will depart from Avenida de la Estaci\u00f3n at 19:00 pm. Route: [&hellip;]<\/p>\n","protected":false},"author":1,"featured_media":296417,"template":"","tags":[],"mec_category":[767,734,728],"class_list":["post-299512","mec-events","type-mec-events","status-publish","has-post-thumbnail","hentry","mec_category-christmas","mec_category-kids","mec_category-parties"],"acf":[],"_links":{"self":[{"href":"https:\/\/alicanteturismo.com\/en\/wp-json\/wp\/v2\/mec-events\/299512","targetHints":{"allow":["GET"]}}],"collection":[{"href":"https:\/\/alicanteturismo.com\/en\/wp-json\/wp\/v2\/mec-events"}],"about":[{"href":"https:\/\/alicanteturismo.com\/en\/wp-json\/wp\/v2\/types\/mec-events"}],"author":[{"embeddable":true,"href":"https:\/\/alicanteturismo.com\/en\/wp-json\/wp\/v2\/users\/1"}],"version-history":[{"count":0,"href":"https:\/\/alicanteturismo.com\/en\/wp-json\/wp\/v2\/mec-events\/299512\/revisions"}],"wp:featuredmedia":[{"embeddable":true,"href":"https:\/\/alicanteturismo.com\/en\/wp-json\/wp\/v2\/media\/296417"}],"wp:attachment":[{"href":"https:\/\/alicanteturismo.com\/en\/wp-json\/wp\/v2\/media?parent=299512"}],"wp:term":[{"taxonomy":"post_tag","embeddable":true,"href":"https:\/\/alicanteturismo.com\/en\/wp-json\/wp\/v2\/tags?post=299512"},{"taxonomy":"mec_category","embeddable":true,"href":"https:\/\/alicanteturismo.com\/en\/wp-json\/wp\/v2\/mec_category?post=299512"}],"curies":[{"name":"wp","href":"https:\/\/api.w.org\/{rel}","templated":true}]}}

<p>On January 5, the Three Wise Men will arrive at the <strong>Port of Alicante</strong> (Levante´s dock) around 17:00 hours.</p>
<p>They will then head to the <strong>Plaza de Toros</strong>, where a children&#8217;s show will be performed before greeting the children from the bullring.</p>
<p>The<strong> parade</strong> will depart from <strong>Avenida de la Estación at 19:00 pm.</strong></p>
<p>Route:</p>
<ul>
<li>Plaza de Los Luceros</li>
<li>Alfonso El Sabio Avenue</li>
<li>Rambla Méndez Núñez</li>
<li>Rafael Altamira Street</li>
<li>City council square, where Melchor, Gaspar and Baltasar will address the little ones.</li>
</ul>

<p>On January 5, the Three Wise Men will arrive at the Port of Alicante (Levante´s dock) around 17:00 hours. They will then head to the Plaza de Toros, where a children&#8217;s show will be performed before greeting the children from the bullring. The parade will depart from Avenida de la Estación at 19:00 pm. Route: [&hellip;]</p>
