{"id":322334,"date":"2026-08-21T08:59:44","date_gmt":"2026-08-21T06:59:44","guid":{"rendered":"https:\/\/alicanteturismo.com\/events\/i-leuchttuerme-verbindungs-schwimmen\/"},"modified":"2026-08-21T08:59:44","modified_gmt":"2026-08-21T06:59:44","slug":"i-leuchttuerme-verbindungs-schwimmen","status":"publish","type":"mec-events","link":"https:\/\/alicanteturismo.com\/de\/events\/i-leuchttuerme-verbindungs-schwimmen\/","title":{"rendered":"I. Leuchtt\u00fcrme-Verbindungs-Schwimmen"},"content":{"rendered":"<div class=\"x_elementToProof\" data-ogsc=\"rgb(0, 0, 0)\" data-olk-copy-source=\"MessageBody\">Die Veranstaltung umfasst f\u00fcnf Distanzen, darunter einen 20 Kilometer langen Schwimmwettbewerb zwischen den Leuchtt\u00fcrmen von Cabo de las Huertas und Santa Pola.<\/div>\n<div class=\"x_elementToProof\" data-ogsc=\"rgb(0, 0, 0)\">Wann: 19. September<\/div>\n<div class=\"x_elementToProof\" data-ogsc=\"rgb(0, 0, 0)\"><\/div>\n<div class=\"x_elementToProof\" data-ogsc=\"rgb(0, 0, 0)\">Ein neuer Freiwasserschwimmwettbewerb, der anl\u00e4sslich des 125. Jahrestages der Gr\u00fcndung der Junta de Obras del Puerto de Alicante ins Leben gerufen wurde, die 1901 gegr\u00fcndet wurde und als Ursprung der heutigen Hafenbeh\u00f6rde gilt.<\/div>\n<div class=\"x_elementToProof\" data-ogsc=\"rgb(0, 0, 0)\"><\/div>\n<div class=\"x_elementToProof\" data-ogsc=\"rgb(0, 0, 0)\">Die Veranstaltung ist Teil des Aktivit\u00e4tenprogramms zur Feier dieses Jubil\u00e4ums und soll einer Institution Tribut zollen, die seit mehr als einem Jahrhundert eine wichtige Rolle bei der wirtschaftlichen, sozialen und st\u00e4dtebaulichen Entwicklung Alicantes spielt. Mit dieser Initiative m\u00f6chte die Hafenbeh\u00f6rde nicht nur die Geschichte des Hafens hervorheben, sondern auch seine enge Verbindung zum Sport, zum maritimen Erbe und zur Bev\u00f6lkerung w\u00fcrdigen.<\/div>\n<div class=\"x_elementToProof\" data-ogsc=\"rgb(0, 0, 0)\"><\/div>\n<div class=\"x_elementToProof\" data-ogsc=\"rgb(0, 0, 0)\">Die I Traves\u00eda Uniendo Faros bietet f\u00fcnf Strecken, die an unterschiedliche sportliche Leistungsprofile angepasst sind.<\/div>\n<ul data-editing-info=\"{&quot;applyListStyleFromLevel&quot;:true}\">\n<li data-ogsc=\"rgb(0, 0, 0)\">\n<div class=\"x_elementToProof\" role=\"presentation\" data-ogsc=\"\">Der Wettbewerb umfasst eine 2,5 Kilometer lange Volksdistanz<\/div>\n<\/li>\n<li data-ogsc=\"rgb(0, 0, 0)\">\n<div role=\"presentation\" data-ogsc=\"\">Mittlere Strecken, die mit einem 20 Kilometer langen Wettbewerb f\u00fcr Spezialisten im Freiwasser- und Ultralangstreckenschwimmen ihren H\u00f6hepunkt erreichen. F\u00fcr diese letzte Strecke wurde eine Obergrenze von 30 Schwimmern festgelegt.<\/div>\n<\/li>\n<li data-ogsc=\"rgb(0, 0, 0)\">\n<div class=\"x_elementToProof\" role=\"presentation\" data-ogsc=\"\">Schlie\u00dflich gibt es eine kurze 1-Kilometer-Strecke, an der alle Interessierten teilnehmen k\u00f6nnen.<\/div>\n<\/li>\n<\/ul>\n<div class=\"x_elementToProof\" data-ogsc=\"rgb(0, 0, 0)\">Anmeldung:<\/div>\n<div class=\"x_elementToProof\" data-ogsc=\"rgb(0, 0, 0)\"><a title=\"https:\/\/www.chipserena.es\/web-evento\/13234-travesia-alicante-2026?utm_source=ig&amp;utm_medium=social&amp;utm_content=link_in_bio&amp;fbclid=PAdGRleATgq71wZG9mAmV4dG4DYWVtAjExAHNydGMGYXBwX2lkDzEyNDAyNDU3NDI4NzQxNAABpwVSjf-vVD9JdM8nvUh3oo-7oqo-lDOVDhfJGP0ZetG4dIKwB2W7VKZZ0kcR_aem_QctjRlKrZMclOsRrkyxn9Q\" href=\"https:\/\/www.chipserena.es\/web-evento\/13234-travesia-alicante-2026?utm_source=ig&amp;utm_medium=social&amp;utm_content=link_in_bio&amp;fbclid=PAdGRleATgq71wZG9mAmV4dG4DYWVtAjExAHNydGMGYXBwX2lkDzEyNDAyNDU3NDI4NzQxNAABpwVSjf-vVD9JdM8nvUh3oo-7oqo-lDOVDhfJGP0ZetG4dIKwB2W7VKZZ0kcR_aem_QctjRlKrZMclOsRrkyxn9Q\" data-auth=\"NotApplicable\" data-linkindex=\"0\" data-ogsc=\"\" target=\"_blank\" rel=\"noopener\">https:\/\/www.chipserena.es\/web-evento\/13234-travesia-alicante-2026?utm_source=ig&amp;utm_medium=social&amp;utm_content=link_in_bio&amp;fbclid=PAdGRleATgq71wZG9mAmV4dG4DYWVtAjExAHNydGMGYXBwX2lkDzEyNDAyNDU3NDI4NzQxNAABpwVSjf-vVD9JdM8nvUh3oo-7oqo-lDOVDhfJGP0ZetG4dIKwB2W7VKZZ0kcR_aem_QctjRlKrZMclOsRrkyxn9Q<\/a><\/div>\n","protected":false},"excerpt":{"rendered":"<p>Die Veranstaltung umfasst f\u00fcnf Distanzen, darunter einen 20 Kilometer langen Schwimmwettbewerb zwischen den Leuchtt\u00fcrmen von Cabo de las Huertas und Santa Pola. Wann: 19. September Ein neuer Freiwasserschwimmwettbewerb, der anl\u00e4sslich des 125. Jahrestages der Gr\u00fcndung der Junta de Obras del Puerto de Alicante ins Leben gerufen wurde, die 1901 gegr\u00fcndet wurde und als Ursprung der [&hellip;]<\/p>\n","protected":false},"author":1,"featured_media":322328,"template":"","tags":[],"mec_category":[1007,965],"class_list":["post-322334","mec-events","type-mec-events","status-publish","has-post-thumbnail","hentry","mec_category-featured-de","mec_category-sport"],"acf":[],"_links":{"self":[{"href":"https:\/\/alicanteturismo.com\/de\/wp-json\/wp\/v2\/mec-events\/322334","targetHints":{"allow":["GET"]}}],"collection":[{"href":"https:\/\/alicanteturismo.com\/de\/wp-json\/wp\/v2\/mec-events"}],"about":[{"href":"https:\/\/alicanteturismo.com\/de\/wp-json\/wp\/v2\/types\/mec-events"}],"author":[{"embeddable":true,"href":"https:\/\/alicanteturismo.com\/de\/wp-json\/wp\/v2\/users\/1"}],"version-history":[{"count":0,"href":"https:\/\/alicanteturismo.com\/de\/wp-json\/wp\/v2\/mec-events\/322334\/revisions"}],"wp:featuredmedia":[{"embeddable":true,"href":"https:\/\/alicanteturismo.com\/de\/wp-json\/wp\/v2\/media\/322328"}],"wp:attachment":[{"href":"https:\/\/alicanteturismo.com\/de\/wp-json\/wp\/v2\/media?parent=322334"}],"wp:term":[{"taxonomy":"post_tag","embeddable":true,"href":"https:\/\/alicanteturismo.com\/de\/wp-json\/wp\/v2\/tags?post=322334"},{"taxonomy":"mec_category","embeddable":true,"href":"https:\/\/alicanteturismo.com\/de\/wp-json\/wp\/v2\/mec_category?post=322334"}],"curies":[{"name":"wp","href":"https:\/\/api.w.org\/{rel}","templated":true}]}}

I. Leuchttürme-Verbindungs-Schwimmen

<div class="x_elementToProof" data-ogsc="rgb(0, 0, 0)" data-olk-copy-source="MessageBody">Die Veranstaltung umfasst fünf Distanzen, darunter einen 20 Kilometer langen Schwimmwettbewerb zwischen den Leuchttürmen von Cabo de las Huertas und Santa Pola.</div>
<div class="x_elementToProof" data-ogsc="rgb(0, 0, 0)">Wann: 19. September</div>
<div class="x_elementToProof" data-ogsc="rgb(0, 0, 0)"></div>
<div class="x_elementToProof" data-ogsc="rgb(0, 0, 0)">Ein neuer Freiwasserschwimmwettbewerb, der anlässlich des 125. Jahrestages der Gründung der Junta de Obras del Puerto de Alicante ins Leben gerufen wurde, die 1901 gegründet wurde und als Ursprung der heutigen Hafenbehörde gilt.</div>
<div class="x_elementToProof" data-ogsc="rgb(0, 0, 0)"></div>
<div class="x_elementToProof" data-ogsc="rgb(0, 0, 0)">Die Veranstaltung ist Teil des Aktivitätenprogramms zur Feier dieses Jubiläums und soll einer Institution Tribut zollen, die seit mehr als einem Jahrhundert eine wichtige Rolle bei der wirtschaftlichen, sozialen und städtebaulichen Entwicklung Alicantes spielt. Mit dieser Initiative möchte die Hafenbehörde nicht nur die Geschichte des Hafens hervorheben, sondern auch seine enge Verbindung zum Sport, zum maritimen Erbe und zur Bevölkerung würdigen.</div>
<div class="x_elementToProof" data-ogsc="rgb(0, 0, 0)"></div>
<div class="x_elementToProof" data-ogsc="rgb(0, 0, 0)">Die I Travesía Uniendo Faros bietet fünf Strecken, die an unterschiedliche sportliche Leistungsprofile angepasst sind.</div>
<ul data-editing-info="{&quot;applyListStyleFromLevel&quot;:true}">
<li data-ogsc="rgb(0, 0, 0)">
<div class="x_elementToProof" role="presentation" data-ogsc="">Der Wettbewerb umfasst eine 2,5 Kilometer lange Volksdistanz</div>
</li>
<li data-ogsc="rgb(0, 0, 0)">
<div role="presentation" data-ogsc="">Mittlere Strecken, die mit einem 20 Kilometer langen Wettbewerb für Spezialisten im Freiwasser- und Ultralangstreckenschwimmen ihren Höhepunkt erreichen. Für diese letzte Strecke wurde eine Obergrenze von 30 Schwimmern festgelegt.</div>
</li>
<li data-ogsc="rgb(0, 0, 0)">
<div class="x_elementToProof" role="presentation" data-ogsc="">Schließlich gibt es eine kurze 1-Kilometer-Strecke, an der alle Interessierten teilnehmen können.</div>
</li>
</ul>
<div class="x_elementToProof" data-ogsc="rgb(0, 0, 0)">Anmeldung:</div>
<div class="x_elementToProof" data-ogsc="rgb(0, 0, 0)"><a title="https://www.chipserena.es/web-evento/13234-travesia-alicante-2026?utm_source=ig&amp;utm_medium=social&amp;utm_content=link_in_bio&amp;fbclid=PAdGRleATgq71wZG9mAmV4dG4DYWVtAjExAHNydGMGYXBwX2lkDzEyNDAyNDU3NDI4NzQxNAABpwVSjf-vVD9JdM8nvUh3oo-7oqo-lDOVDhfJGP0ZetG4dIKwB2W7VKZZ0kcR_aem_QctjRlKrZMclOsRrkyxn9Q" href="https://www.chipserena.es/web-evento/13234-travesia-alicante-2026?utm_source=ig&amp;utm_medium=social&amp;utm_content=link_in_bio&amp;fbclid=PAdGRleATgq71wZG9mAmV4dG4DYWVtAjExAHNydGMGYXBwX2lkDzEyNDAyNDU3NDI4NzQxNAABpwVSjf-vVD9JdM8nvUh3oo-7oqo-lDOVDhfJGP0ZetG4dIKwB2W7VKZZ0kcR_aem_QctjRlKrZMclOsRrkyxn9Q" data-auth="NotApplicable" data-linkindex="0" data-ogsc="" target="_blank" rel="noopener">https://www.chipserena.es/web-evento/13234-travesia-alicante-2026?utm_source=ig&amp;utm_medium=social&amp;utm_content=link_in_bio&amp;fbclid=PAdGRleATgq71wZG9mAmV4dG4DYWVtAjExAHNydGMGYXBwX2lkDzEyNDAyNDU3NDI4NzQxNAABpwVSjf-vVD9JdM8nvUh3oo-7oqo-lDOVDhfJGP0ZetG4dIKwB2W7VKZZ0kcR_aem_QctjRlKrZMclOsRrkyxn9Q</a></div>

<p>Die Veranstaltung umfasst fünf Distanzen, darunter einen 20 Kilometer langen Schwimmwettbewerb zwischen den Leuchttürmen von Cabo de las Huertas und Santa Pola. Wann: 19. September Ein neuer Freiwasserschwimmwettbewerb, der anlässlich des 125. Jahrestages der Gründung der Junta de Obras del Puerto de Alicante ins Leben gerufen wurde, die 1901 gegründet wurde und als Ursprung der [&hellip;]</p>
