{"id":319787,"date":"2026-04-28T14:04:40","date_gmt":"2026-04-28T12:04:40","guid":{"rendered":"https:\/\/alicanteturismo.com\/events\/kurios-kabinett-der-kuriositaeten-cirque-du-soleil\/"},"modified":"2026-04-28T14:04:40","modified_gmt":"2026-04-28T12:04:40","slug":"kurios-kabinett-der-kuriositaeten-cirque-du-soleil","status":"publish","type":"mec-events","link":"https:\/\/alicanteturismo.com\/de\/events\/kurios-kabinett-der-kuriositaeten-cirque-du-soleil\/","title":{"rendered":"KURIOS \u2013 Kabinett der Kuriosit\u00e4ten Cirque du Soleil"},"content":{"rendered":"<p data-path-to-node=\"27\"><b data-path-to-node=\"27\" data-index-in-node=\"0\">Cirque du Soleil erf\u00fcllt Alicante mit Fantasie und Magie: KURIOS \u2013 Kabinett der Kuriosit\u00e4ten<\/b><\/p>\n<ul data-path-to-node=\"28\">\n<li>\n<p data-path-to-node=\"28,0,0\"><b data-path-to-node=\"28,0,0\" data-index-in-node=\"0\">Ort:<\/b> Gro\u00dfes Zelt am Strand von San Juan (Playa de San Juan)<\/p>\n<\/li>\n<li>\n<p data-path-to-node=\"28,1,0\"><b data-path-to-node=\"28,1,0\" data-index-in-node=\"0\">Ticketverkauf hier:<\/b> [Link]<\/p>\n<\/li>\n<li>\n<p data-path-to-node=\"28,2,0\"><b data-path-to-node=\"28,2,0\" data-index-in-node=\"0\">Termine:<\/b> 17. bis 23. August<\/p>\n<ul data-path-to-node=\"28,2,1\">\n<li>\n<p data-path-to-node=\"28,2,1,0,0\">Mittwoch: 18:30 Uhr<\/p>\n<\/li>\n<li>\n<p data-path-to-node=\"28,2,1,1,0\">Donnerstag: 18:30 Uhr<\/p>\n<\/li>\n<li>\n<p data-path-to-node=\"28,2,1,2,0\">Freitag: 18:00 Uhr &amp; 21:30 Uhr<\/p>\n<\/li>\n<li>\n<p data-path-to-node=\"28,2,1,3,0\">Samstag: 18:00 Uhr &amp; 21:30 Uhr<\/p>\n<\/li>\n<li>\n<p data-path-to-node=\"28,2,1,4,0\">Sonntag: 18:00 Uhr &amp; 21:30 Uhr<\/p>\n<\/li>\n<\/ul>\n<\/li>\n<\/ul>\n<p data-path-to-node=\"29\"><b data-path-to-node=\"29\" data-index-in-node=\"0\">Das KURIOS-Erlebnis<\/b> KURIOS \u2013 Kabinett der Kuriosit\u00e4ten markiert die sechste R\u00fcckkehr des Cirque du Soleil nach Alicante und unterstreicht die tiefe Verbundenheit zwischen dem kanadischen Unternehmen und der Stadt.<\/p>\n<p data-path-to-node=\"30\">Weltweit von Kritikern gefeiert, greift KURIOS den charakteristischen Stil des Cirque du Soleil auf und verbindet spektakul\u00e4re Akrobatik mit einer Prise Poesie, Kunst und Humor. KURIOS enth\u00fcllt laut Angaben des Unternehmens \u201eein festliches, Steampunk-inspiriertes Universum, in dem hinter jeder Ecke das Unerwartete lauert\u201c.<\/p>\n<p data-path-to-node=\"31\">KURIOS entf\u00fchrt die Zuschauer in das mechanische Labor eines Wissenschaftlers, der davon \u00fcberzeugt ist, dass eine verborgene, unsichtbare Welt existiert \u2013 ein Ort, an dem die verr\u00fccktesten Ideen und die gro\u00dfartigsten Tr\u00e4ume warten. Sobald es dem Wissenschaftler gelingt, die T\u00fcr zu dieser Welt der Wunder zu \u00f6ffnen, bleibt die Zeit stehen, und eine Gruppe jenseitiger Charaktere dringt in sein Kuriosit\u00e4tenkabinett ein, um seine improvisierten Sch\u00f6pfungen nacheinander zum Leben zu erwecken. W\u00e4hrend das Sichtbare unsichtbar wird und sich die Perspektiven ver\u00e4ndern, entfaltet sich KURIOS als eine Feier der Macht der Fantasie.<\/p>\n<p data-path-to-node=\"32\">KURIOS feierte 2014 in Montreal Premiere und hat seither \u00fcber 6 Millionen Zuschauer in 40 St\u00e4dten weltweit mit mehr als 3.000 Auff\u00fchrungen und einem Ensemble von 50 K\u00fcnstlern in seinen Bann gezogen. Seit seiner Gr\u00fcndung im Jahr 1984 hat der Cirque du Soleil \u00fcber 378 Millionen Menschen in 86 L\u00e4ndern inspiriert.<\/p>\n","protected":false},"excerpt":{"rendered":"<p>Cirque du Soleil erf\u00fcllt Alicante mit Fantasie und Magie: KURIOS \u2013 Kabinett der Kuriosit\u00e4ten Ort: Gro\u00dfes Zelt am Strand von San Juan (Playa de San Juan) Ticketverkauf hier: [Link] Termine: 17. bis 23. August Mittwoch: 18:30 Uhr Donnerstag: 18:30 Uhr Freitag: 18:00 Uhr &amp; 21:30 Uhr Samstag: 18:00 Uhr &amp; 21:30 Uhr Sonntag: 18:00 Uhr [&hellip;]<\/p>\n","protected":false},"author":5,"featured_media":319777,"template":"","tags":[1902],"mec_category":[981,1023,1007,1056,983,1057,989],"class_list":["post-319787","mec-events","type-mec-events","status-publish","has-post-thumbnail","hentry","tag-cirque-du-soleil","mec_category-performing-arts-de","mec_category-freizeit","mec_category-featured-de","mec_category-kids-de","mec_category-musical-arts-de","mec_category-dance-de","mec_category-theater-de"],"acf":[],"_links":{"self":[{"href":"https:\/\/alicanteturismo.com\/de\/wp-json\/wp\/v2\/mec-events\/319787","targetHints":{"allow":["GET"]}}],"collection":[{"href":"https:\/\/alicanteturismo.com\/de\/wp-json\/wp\/v2\/mec-events"}],"about":[{"href":"https:\/\/alicanteturismo.com\/de\/wp-json\/wp\/v2\/types\/mec-events"}],"author":[{"embeddable":true,"href":"https:\/\/alicanteturismo.com\/de\/wp-json\/wp\/v2\/users\/5"}],"version-history":[{"count":0,"href":"https:\/\/alicanteturismo.com\/de\/wp-json\/wp\/v2\/mec-events\/319787\/revisions"}],"wp:featuredmedia":[{"embeddable":true,"href":"https:\/\/alicanteturismo.com\/de\/wp-json\/wp\/v2\/media\/319777"}],"wp:attachment":[{"href":"https:\/\/alicanteturismo.com\/de\/wp-json\/wp\/v2\/media?parent=319787"}],"wp:term":[{"taxonomy":"post_tag","embeddable":true,"href":"https:\/\/alicanteturismo.com\/de\/wp-json\/wp\/v2\/tags?post=319787"},{"taxonomy":"mec_category","embeddable":true,"href":"https:\/\/alicanteturismo.com\/de\/wp-json\/wp\/v2\/mec_category?post=319787"}],"curies":[{"name":"wp","href":"https:\/\/api.w.org\/{rel}","templated":true}]}}

KURIOS – Kabinett der Kuriositäten Cirque du Soleil

<p data-path-to-node="27"><b data-path-to-node="27" data-index-in-node="0">Cirque du Soleil erfüllt Alicante mit Fantasie und Magie: KURIOS – Kabinett der Kuriositäten</b></p>
<ul data-path-to-node="28">
<li>
<p data-path-to-node="28,0,0"><b data-path-to-node="28,0,0" data-index-in-node="0">Ort:</b> Großes Zelt am Strand von San Juan (Playa de San Juan)</p>
</li>
<li>
<p data-path-to-node="28,1,0"><b data-path-to-node="28,1,0" data-index-in-node="0">Ticketverkauf hier:</b> [Link]</p>
</li>
<li>
<p data-path-to-node="28,2,0"><b data-path-to-node="28,2,0" data-index-in-node="0">Termine:</b> 17. bis 23. August</p>
<ul data-path-to-node="28,2,1">
<li>
<p data-path-to-node="28,2,1,0,0">Mittwoch: 18:30 Uhr</p>
</li>
<li>
<p data-path-to-node="28,2,1,1,0">Donnerstag: 18:30 Uhr</p>
</li>
<li>
<p data-path-to-node="28,2,1,2,0">Freitag: 18:00 Uhr &amp; 21:30 Uhr</p>
</li>
<li>
<p data-path-to-node="28,2,1,3,0">Samstag: 18:00 Uhr &amp; 21:30 Uhr</p>
</li>
<li>
<p data-path-to-node="28,2,1,4,0">Sonntag: 18:00 Uhr &amp; 21:30 Uhr</p>
</li>
</ul>
</li>
</ul>
<p data-path-to-node="29"><b data-path-to-node="29" data-index-in-node="0">Das KURIOS-Erlebnis</b> KURIOS – Kabinett der Kuriositäten markiert die sechste Rückkehr des Cirque du Soleil nach Alicante und unterstreicht die tiefe Verbundenheit zwischen dem kanadischen Unternehmen und der Stadt.</p>
<p data-path-to-node="30">Weltweit von Kritikern gefeiert, greift KURIOS den charakteristischen Stil des Cirque du Soleil auf und verbindet spektakuläre Akrobatik mit einer Prise Poesie, Kunst und Humor. KURIOS enthüllt laut Angaben des Unternehmens „ein festliches, Steampunk-inspiriertes Universum, in dem hinter jeder Ecke das Unerwartete lauert“.</p>
<p data-path-to-node="31">KURIOS entführt die Zuschauer in das mechanische Labor eines Wissenschaftlers, der davon überzeugt ist, dass eine verborgene, unsichtbare Welt existiert – ein Ort, an dem die verrücktesten Ideen und die großartigsten Träume warten. Sobald es dem Wissenschaftler gelingt, die Tür zu dieser Welt der Wunder zu öffnen, bleibt die Zeit stehen, und eine Gruppe jenseitiger Charaktere dringt in sein Kuriositätenkabinett ein, um seine improvisierten Schöpfungen nacheinander zum Leben zu erwecken. Während das Sichtbare unsichtbar wird und sich die Perspektiven verändern, entfaltet sich KURIOS als eine Feier der Macht der Fantasie.</p>
<p data-path-to-node="32">KURIOS feierte 2014 in Montreal Premiere und hat seither über 6 Millionen Zuschauer in 40 Städten weltweit mit mehr als 3.000 Aufführungen und einem Ensemble von 50 Künstlern in seinen Bann gezogen. Seit seiner Gründung im Jahr 1984 hat der Cirque du Soleil über 378 Millionen Menschen in 86 Ländern inspiriert.</p>

<p>Cirque du Soleil erfüllt Alicante mit Fantasie und Magie: KURIOS – Kabinett der Kuriositäten Ort: Großes Zelt am Strand von San Juan (Playa de San Juan) Ticketverkauf hier: [Link] Termine: 17. bis 23. August Mittwoch: 18:30 Uhr Donnerstag: 18:30 Uhr Freitag: 18:00 Uhr &amp; 21:30 Uhr Samstag: 18:00 Uhr &amp; 21:30 Uhr Sonntag: 18:00 Uhr [&hellip;]</p>
