{"id":318181,"date":"2026-03-12T14:26:51","date_gmt":"2026-03-12T13:26:51","guid":{"rendered":"https:\/\/alicanteturismo.com\/events\/318176\/"},"modified":"2026-03-12T14:44:13","modified_gmt":"2026-03-12T13:44:13","slug":"318176","status":"publish","type":"mec-events","link":"https:\/\/alicanteturismo.com\/de\/events\/318176\/","title":{"rendered":"Gef\u00fchrte Touren: Luftschutzbunker von Alicante"},"content":{"rendered":"<p data-path-to-node=\"15\">Ab dem kommenden Freitag, den 20., werden sechs gef\u00fchrte Routen f\u00fcr die \u00d6ffentlichkeit ge\u00f6ffnet, um die Luftschutzbunker und Schl\u00fcsselpunkte der Geschichte Alicantes w\u00e4hrend des B\u00fcrgerkriegs kennenzulernen. Diese von der Vereinigung der offiziellen Fremdenf\u00fchrer der Valencianischen Gemeinschaft entworfenen Touren beinhalten eine historische Einordnung im Interpretationszentrum oder w\u00e4hrend des Rundgangs.<\/p>\n<p data-path-to-node=\"16\"><b data-path-to-node=\"16\" data-index-in-node=\"0\">\ud83d\uddd3\ufe0f \u00d6ffnungszeiten f\u00fcr die allgemeine \u00d6ffentlichkeit<\/b><\/p>\n<ul data-path-to-node=\"17\">\n<li>\n<p data-path-to-node=\"17,0,0\"><b data-path-to-node=\"17,0,0\" data-index-in-node=\"0\">Montag bis Freitag:<\/b> 17:00 Uhr.<\/p>\n<\/li>\n<li>\n<p data-path-to-node=\"17,1,0\"><b data-path-to-node=\"17,1,0\" data-index-in-node=\"0\">Samstag und Sonntag:<\/b> 10:00 Uhr.<\/p>\n<\/li>\n<\/ul>\n<p data-path-to-node=\"18\"><b data-path-to-node=\"18\" data-index-in-node=\"0\">\ud83d\udccd Verf\u00fcgbare Routen<\/b> Es wurden sechs Routen entworfen, die die acht besuchbaren Bunker abdecken:<\/p>\n<ul data-path-to-node=\"19\">\n<li>\n<p data-path-to-node=\"19,0,0\"><b data-path-to-node=\"19,0,0\" data-index-in-node=\"0\">Route 1:<\/b> Interpretationszentrum (Portugal-Str.), Bunker R31 (Plaza de S\u00e9neca) und R46 (Plaza de Balmis). Beinhaltet Bildmaterial, Modelle der Bombardierung des Zentralmarktes und Erl\u00e4uterungen zum Exil auf den Schiffen Stanbrook und Mar\u00edtima.<\/p>\n<\/li>\n<li>\n<p data-path-to-node=\"19,1,0\"><b data-path-to-node=\"19,1,0\" data-index-in-node=\"0\">Route 2:<\/b> Bunker R35 (Av. General Marv\u00e1), R38 (Plaza M\u00fasico Tordera) und Zentralmarkt (Plaza del 25 de mayo). Schwerpunkt auf passiven Verteidigungssystemen und der Bombardierung des Marktes.<\/p>\n<\/li>\n<li>\n<p data-path-to-node=\"19,2,0\"><b data-path-to-node=\"19,2,0\" data-index-in-node=\"0\">Route 3:<\/b> Zentralmarkt, Bunker R36 (Plaza Castell\u00f3n) und R69 (Tabakfabrik). Fokus auf menschliche und soziale Aspekte sowie die Rolle der Frauen.<\/p>\n<\/li>\n<li>\n<p data-path-to-node=\"19,3,0\"><b data-path-to-node=\"19,3,0\" data-index-in-node=\"0\">Route 4:<\/b> Rathaus, MeCID (Entdeckte Stadt), Calle Villavieja, Explanada und Denkmal f\u00fcr Archibald Dickson im Hafen. Analyse der Stadtentwicklung und verschiedener historischer Konflikte.<\/p>\n<\/li>\n<li>\n<p data-path-to-node=\"19,4,0\"><b data-path-to-node=\"19,4,0\" data-index-in-node=\"0\">Route 5:<\/b> T\u00fcrme der Huerta, Kloster Santa Faz und Bunker Santa Faz. Landwirtschaftlicher Kontext und Erlebnisse au\u00dferhalb des Stadtkerns.<\/p>\n<\/li>\n<li>\n<p data-path-to-node=\"19,5,0\"><b data-path-to-node=\"19,5,0\" data-index-in-node=\"0\">Route 6:<\/b> Bunker R96 (Benal\u00faa Sur), Bahnhof Murcia, Hafengesundheitsamt, Segelclub (Club de Regatas) und Hafen. Auswirkungen des Krieges auf das Hafengebiet und das Ende des Konflikts.<\/p>\n<\/li>\n<\/ul>\n<p data-path-to-node=\"20\"><b data-path-to-node=\"20\" data-index-in-node=\"0\">\u2139\ufe0f Wichtige Informationen<\/b><\/p>\n<ul data-path-to-node=\"21\">\n<li>\n<p data-path-to-node=\"21,0,0\"><b data-path-to-node=\"21,0,0\" data-index-in-node=\"0\">Normalpreis:<\/b> 4,95 \u20ac<\/p>\n<\/li>\n<li>\n<p data-path-to-node=\"21,1,0\"><b data-path-to-node=\"21,1,0\" data-index-in-node=\"0\">Preis f\u00fcr Bildungseinrichtungen:<\/b> 2,97 \u20ac<\/p>\n<\/li>\n<li>\n<p data-path-to-node=\"21,2,0\"><b data-path-to-node=\"21,2,0\" data-index-in-node=\"0\">Reservierung erforderlich:<\/b> refugios@guiasoficialescv.com<\/p>\n<\/li>\n<\/ul>\n","protected":false},"excerpt":{"rendered":"<p>Ab dem kommenden Freitag, den 20., werden sechs gef\u00fchrte Routen f\u00fcr die \u00d6ffentlichkeit ge\u00f6ffnet, um die Luftschutzbunker und Schl\u00fcsselpunkte der Geschichte Alicantes w\u00e4hrend des B\u00fcrgerkriegs kennenzulernen. Diese von der Vereinigung der offiziellen Fremdenf\u00fchrer der Valencianischen Gemeinschaft entworfenen Touren beinhalten eine historische Einordnung im Interpretationszentrum oder w\u00e4hrend des Rundgangs. \ud83d\uddd3\ufe0f \u00d6ffnungszeiten f\u00fcr die allgemeine \u00d6ffentlichkeit Montag [&hellip;]<\/p>\n","protected":false},"author":5,"featured_media":269224,"template":"","tags":[],"mec_category":[1165,1077,1016,1374,1076],"class_list":["post-318181","mec-events","type-mec-events","status-publish","has-post-thumbnail","hentry","mec_category-educational-and-corporate-activities-de","mec_category-guided-tours-de","mec_category-culture-de","mec_category-rutas-de","mec_category-visits-de"],"acf":[],"_links":{"self":[{"href":"https:\/\/alicanteturismo.com\/de\/wp-json\/wp\/v2\/mec-events\/318181","targetHints":{"allow":["GET"]}}],"collection":[{"href":"https:\/\/alicanteturismo.com\/de\/wp-json\/wp\/v2\/mec-events"}],"about":[{"href":"https:\/\/alicanteturismo.com\/de\/wp-json\/wp\/v2\/types\/mec-events"}],"author":[{"embeddable":true,"href":"https:\/\/alicanteturismo.com\/de\/wp-json\/wp\/v2\/users\/5"}],"version-history":[{"count":0,"href":"https:\/\/alicanteturismo.com\/de\/wp-json\/wp\/v2\/mec-events\/318181\/revisions"}],"wp:featuredmedia":[{"embeddable":true,"href":"https:\/\/alicanteturismo.com\/de\/wp-json\/wp\/v2\/media\/269224"}],"wp:attachment":[{"href":"https:\/\/alicanteturismo.com\/de\/wp-json\/wp\/v2\/media?parent=318181"}],"wp:term":[{"taxonomy":"post_tag","embeddable":true,"href":"https:\/\/alicanteturismo.com\/de\/wp-json\/wp\/v2\/tags?post=318181"},{"taxonomy":"mec_category","embeddable":true,"href":"https:\/\/alicanteturismo.com\/de\/wp-json\/wp\/v2\/mec_category?post=318181"}],"curies":[{"name":"wp","href":"https:\/\/api.w.org\/{rel}","templated":true}]}}

Geführte Touren: Luftschutzbunker von Alicante

<p data-path-to-node="15">Ab dem kommenden Freitag, den 20., werden sechs geführte Routen für die Öffentlichkeit geöffnet, um die Luftschutzbunker und Schlüsselpunkte der Geschichte Alicantes während des Bürgerkriegs kennenzulernen. Diese von der Vereinigung der offiziellen Fremdenführer der Valencianischen Gemeinschaft entworfenen Touren beinhalten eine historische Einordnung im Interpretationszentrum oder während des Rundgangs.</p>
<p data-path-to-node="16"><b data-path-to-node="16" data-index-in-node="0">🗓️ Öffnungszeiten für die allgemeine Öffentlichkeit</b></p>
<ul data-path-to-node="17">
<li>
<p data-path-to-node="17,0,0"><b data-path-to-node="17,0,0" data-index-in-node="0">Montag bis Freitag:</b> 17:00 Uhr.</p>
</li>
<li>
<p data-path-to-node="17,1,0"><b data-path-to-node="17,1,0" data-index-in-node="0">Samstag und Sonntag:</b> 10:00 Uhr.</p>
</li>
</ul>
<p data-path-to-node="18"><b data-path-to-node="18" data-index-in-node="0">📍 Verfügbare Routen</b> Es wurden sechs Routen entworfen, die die acht besuchbaren Bunker abdecken:</p>
<ul data-path-to-node="19">
<li>
<p data-path-to-node="19,0,0"><b data-path-to-node="19,0,0" data-index-in-node="0">Route 1:</b> Interpretationszentrum (Portugal-Str.), Bunker R31 (Plaza de Séneca) und R46 (Plaza de Balmis). Beinhaltet Bildmaterial, Modelle der Bombardierung des Zentralmarktes und Erläuterungen zum Exil auf den Schiffen Stanbrook und Marítima.</p>
</li>
<li>
<p data-path-to-node="19,1,0"><b data-path-to-node="19,1,0" data-index-in-node="0">Route 2:</b> Bunker R35 (Av. General Marvá), R38 (Plaza Músico Tordera) und Zentralmarkt (Plaza del 25 de mayo). Schwerpunkt auf passiven Verteidigungssystemen und der Bombardierung des Marktes.</p>
</li>
<li>
<p data-path-to-node="19,2,0"><b data-path-to-node="19,2,0" data-index-in-node="0">Route 3:</b> Zentralmarkt, Bunker R36 (Plaza Castellón) und R69 (Tabakfabrik). Fokus auf menschliche und soziale Aspekte sowie die Rolle der Frauen.</p>
</li>
<li>
<p data-path-to-node="19,3,0"><b data-path-to-node="19,3,0" data-index-in-node="0">Route 4:</b> Rathaus, MeCID (Entdeckte Stadt), Calle Villavieja, Explanada und Denkmal für Archibald Dickson im Hafen. Analyse der Stadtentwicklung und verschiedener historischer Konflikte.</p>
</li>
<li>
<p data-path-to-node="19,4,0"><b data-path-to-node="19,4,0" data-index-in-node="0">Route 5:</b> Türme der Huerta, Kloster Santa Faz und Bunker Santa Faz. Landwirtschaftlicher Kontext und Erlebnisse außerhalb des Stadtkerns.</p>
</li>
<li>
<p data-path-to-node="19,5,0"><b data-path-to-node="19,5,0" data-index-in-node="0">Route 6:</b> Bunker R96 (Benalúa Sur), Bahnhof Murcia, Hafengesundheitsamt, Segelclub (Club de Regatas) und Hafen. Auswirkungen des Krieges auf das Hafengebiet und das Ende des Konflikts.</p>
</li>
</ul>
<p data-path-to-node="20"><b data-path-to-node="20" data-index-in-node="0">ℹ️ Wichtige Informationen</b></p>
<ul data-path-to-node="21">
<li>
<p data-path-to-node="21,0,0"><b data-path-to-node="21,0,0" data-index-in-node="0">Normalpreis:</b> 4,95 €</p>
</li>
<li>
<p data-path-to-node="21,1,0"><b data-path-to-node="21,1,0" data-index-in-node="0">Preis für Bildungseinrichtungen:</b> 2,97 €</p>
</li>
<li>
<p data-path-to-node="21,2,0"><b data-path-to-node="21,2,0" data-index-in-node="0">Reservierung erforderlich:</b> refugios@guiasoficialescv.com</p>
</li>
</ul>

<p>Ab dem kommenden Freitag, den 20., werden sechs geführte Routen für die Öffentlichkeit geöffnet, um die Luftschutzbunker und Schlüsselpunkte der Geschichte Alicantes während des Bürgerkriegs kennenzulernen. Diese von der Vereinigung der offiziellen Fremdenführer der Valencianischen Gemeinschaft entworfenen Touren beinhalten eine historische Einordnung im Interpretationszentrum oder während des Rundgangs. 🗓️ Öffnungszeiten für die allgemeine Öffentlichkeit Montag [&hellip;]</p>
