{"id":319782,"date":"2026-04-28T14:04:40","date_gmt":"2026-04-28T12:04:40","guid":{"rendered":"https:\/\/alicanteturismo.com\/events\/kurios-gabinet-de-curiositats-cirque-du-soleil\/"},"modified":"2026-04-28T14:04:40","modified_gmt":"2026-04-28T12:04:40","slug":"kurios-gabinet-de-curiositats-cirque-du-soleil","status":"publish","type":"mec-events","link":"https:\/\/alicanteturismo.com\/ca\/events\/kurios-gabinet-de-curiositats-cirque-du-soleil\/","title":{"rendered":"KURIOS &#8211; Gabinet de Curiositats. Cirque du Soleil"},"content":{"rendered":"<p data-path-to-node=\"3\"><b data-path-to-node=\"3\" data-index-in-node=\"0\">Cirque du Soleil omplir\u00e0 d\u2019imaginaci\u00f3 i m\u00e0gia Alacant amb KURIOS-Gabinet de Curiositats<\/b><\/p>\n<ul data-path-to-node=\"4\">\n<li>\n<p data-path-to-node=\"4,0,0\"><b data-path-to-node=\"4,0,0\" data-index-in-node=\"0\">On:<\/b> Gran Carpa de la Platja de Sant Joan (Avinguda Costa Blanca s\/n)<\/p>\n<\/li>\n<li>\n<p data-path-to-node=\"4,1,0\"><b data-path-to-node=\"4,1,0\" data-index-in-node=\"0\">Venda d&#8217;entrades ac\u00ed:<\/b> [Enlla\u00e7]<\/p>\n<\/li>\n<li>\n<p data-path-to-node=\"4,2,0\"><b data-path-to-node=\"4,2,0\" data-index-in-node=\"0\">Horaris:<\/b> Del 17 al 23 d\u2019agost<\/p>\n<ul data-path-to-node=\"4,2,1\">\n<li>\n<p data-path-to-node=\"4,2,1,0,0\">Dimecres: 18:30 h<\/p>\n<\/li>\n<li>\n<p data-path-to-node=\"4,2,1,1,0\">Dijous: 18:30 h<\/p>\n<\/li>\n<li>\n<p data-path-to-node=\"4,2,1,2,0\">Divendres: 18:00 h i 21:30 h<\/p>\n<\/li>\n<li>\n<p data-path-to-node=\"4,2,1,3,0\">Dissabte: 18:00 h i 21:30 h<\/p>\n<\/li>\n<li>\n<p data-path-to-node=\"4,2,1,4,0\">Diumenge: 18:00 h i 21:30 h<\/p>\n<\/li>\n<\/ul>\n<\/li>\n<\/ul>\n<p data-path-to-node=\"5\"><b data-path-to-node=\"5\" data-index-in-node=\"0\">Experi\u00e8ncia KURIOS<\/b> KURIOS-Gabinet de Curiositats suposa el retorn de Cirque du Soleil a Alacant per sisena vegada, demostrant la gran complicitat entre la companyia canadenca i la ciutat.<\/p>\n<p data-path-to-node=\"6\">Aclamat per la cr\u00edtica en tot el m\u00f3n, KURIOS revisita l\u2019estil caracter\u00edstic de Cirque du Soleil i combina acrob\u00e0cies espectaculars amb un toc de poesia, art i humor. KURIOS revela \u00abun univers festiu d\u2019inspiraci\u00f3 steampunk en el qual l\u2019inesperat piga en cada cant\u00f3\u00bb, segons indiquen fonts de la companyia.<\/p>\n<p data-path-to-node=\"7\">L\u2019espectacle s\u2019endinsa en el laboratori mec\u00e0nic d\u2019un cient\u00edfic conven\u00e7ut que existeix un m\u00f3n ocult i invisible, un lloc on esperen les idees m\u00e9s boges i els somnis m\u00e9s grandiosos. Una vegada que el cient\u00edfic aconsegueix obrir la porta a este m\u00f3n de meravelles, el temps s\u2019atura per complet i un elenc de personatges d\u2019un altre m\u00f3n envaeix el seu gabinet de curiositats, donant vida a les seues creacions improvisades una a una. A mesura que el que \u00e9s visible es torna invisible i les perspectives es transformen, KURIOS esclata en una celebraci\u00f3 del poder de la imaginaci\u00f3.<\/p>\n<p data-path-to-node=\"8\">Estrenada a Mont-real en 2014, KURIOS ha hipnotitzat m\u00e9s de 6 milions d\u2019espectadors en 40 ciutats de tot el m\u00f3n amb m\u00e9s de 3.000 representacions a c\u00e0rrec del seu elenc de 50 artistes. Des de la seua creaci\u00f3 en 1984, Cirque du Soleil ha inspirat m\u00e9s de 378 milions de persones en 86 pa\u00efsos.<\/p>\n","protected":false},"excerpt":{"rendered":"<p>Cirque du Soleil omplir\u00e0 d\u2019imaginaci\u00f3 i m\u00e0gia Alacant amb KURIOS-Gabinet de Curiositats On: Gran Carpa de la Platja de Sant Joan (Avinguda Costa Blanca s\/n) Venda d&#8217;entrades ac\u00ed: [Enlla\u00e7] Horaris: Del 17 al 23 d\u2019agost Dimecres: 18:30 h Dijous: 18:30 h Divendres: 18:00 h i 21:30 h Dissabte: 18:00 h i 21:30 h Diumenge: 18:00 [&hellip;]<\/p>\n","protected":false},"author":5,"featured_media":319774,"template":"","tags":[1896],"mec_category":[973,1054,998,975,1022,985,1053],"class_list":["post-319782","mec-events","type-mec-events","status-publish","has-post-thumbnail","hentry","tag-cirque-du-soleil","mec_category-artes-escenicas-ca","mec_category-danza-ca","mec_category-destacado-ca","mec_category-musicales-ca","mec_category-oci","mec_category-teatro-ca","mec_category-ninos-ca"],"acf":[],"_links":{"self":[{"href":"https:\/\/alicanteturismo.com\/ca\/wp-json\/wp\/v2\/mec-events\/319782","targetHints":{"allow":["GET"]}}],"collection":[{"href":"https:\/\/alicanteturismo.com\/ca\/wp-json\/wp\/v2\/mec-events"}],"about":[{"href":"https:\/\/alicanteturismo.com\/ca\/wp-json\/wp\/v2\/types\/mec-events"}],"author":[{"embeddable":true,"href":"https:\/\/alicanteturismo.com\/ca\/wp-json\/wp\/v2\/users\/5"}],"version-history":[{"count":0,"href":"https:\/\/alicanteturismo.com\/ca\/wp-json\/wp\/v2\/mec-events\/319782\/revisions"}],"wp:featuredmedia":[{"embeddable":true,"href":"https:\/\/alicanteturismo.com\/ca\/wp-json\/wp\/v2\/media\/319774"}],"wp:attachment":[{"href":"https:\/\/alicanteturismo.com\/ca\/wp-json\/wp\/v2\/media?parent=319782"}],"wp:term":[{"taxonomy":"post_tag","embeddable":true,"href":"https:\/\/alicanteturismo.com\/ca\/wp-json\/wp\/v2\/tags?post=319782"},{"taxonomy":"mec_category","embeddable":true,"href":"https:\/\/alicanteturismo.com\/ca\/wp-json\/wp\/v2\/mec_category?post=319782"}],"curies":[{"name":"wp","href":"https:\/\/api.w.org\/{rel}","templated":true}]}}

<p data-path-to-node="3"><b data-path-to-node="3" data-index-in-node="0">Cirque du Soleil omplirà d’imaginació i màgia Alacant amb KURIOS-Gabinet de Curiositats</b></p>
<ul data-path-to-node="4">
<li>
<p data-path-to-node="4,0,0"><b data-path-to-node="4,0,0" data-index-in-node="0">On:</b> Gran Carpa de la Platja de Sant Joan (Avinguda Costa Blanca s/n)</p>
</li>
<li>
<p data-path-to-node="4,1,0"><b data-path-to-node="4,1,0" data-index-in-node="0">Venda d&#8217;entrades ací:</b> [Enllaç]</p>
</li>
<li>
<p data-path-to-node="4,2,0"><b data-path-to-node="4,2,0" data-index-in-node="0">Horaris:</b> Del 17 al 23 d’agost</p>
<ul data-path-to-node="4,2,1">
<li>
<p data-path-to-node="4,2,1,0,0">Dimecres: 18:30 h</p>
</li>
<li>
<p data-path-to-node="4,2,1,1,0">Dijous: 18:30 h</p>
</li>
<li>
<p data-path-to-node="4,2,1,2,0">Divendres: 18:00 h i 21:30 h</p>
</li>
<li>
<p data-path-to-node="4,2,1,3,0">Dissabte: 18:00 h i 21:30 h</p>
</li>
<li>
<p data-path-to-node="4,2,1,4,0">Diumenge: 18:00 h i 21:30 h</p>
</li>
</ul>
</li>
</ul>
<p data-path-to-node="5"><b data-path-to-node="5" data-index-in-node="0">Experiència KURIOS</b> KURIOS-Gabinet de Curiositats suposa el retorn de Cirque du Soleil a Alacant per sisena vegada, demostrant la gran complicitat entre la companyia canadenca i la ciutat.</p>
<p data-path-to-node="6">Aclamat per la crítica en tot el món, KURIOS revisita l’estil característic de Cirque du Soleil i combina acrobàcies espectaculars amb un toc de poesia, art i humor. KURIOS revela «un univers festiu d’inspiració steampunk en el qual l’inesperat piga en cada cantó», segons indiquen fonts de la companyia.</p>
<p data-path-to-node="7">L’espectacle s’endinsa en el laboratori mecànic d’un científic convençut que existeix un món ocult i invisible, un lloc on esperen les idees més boges i els somnis més grandiosos. Una vegada que el científic aconsegueix obrir la porta a este món de meravelles, el temps s’atura per complet i un elenc de personatges d’un altre món envaeix el seu gabinet de curiositats, donant vida a les seues creacions improvisades una a una. A mesura que el que és visible es torna invisible i les perspectives es transformen, KURIOS esclata en una celebració del poder de la imaginació.</p>
<p data-path-to-node="8">Estrenada a Mont-real en 2014, KURIOS ha hipnotitzat més de 6 milions d’espectadors en 40 ciutats de tot el món amb més de 3.000 representacions a càrrec del seu elenc de 50 artistes. Des de la seua creació en 1984, Cirque du Soleil ha inspirat més de 378 milions de persones en 86 països.</p>

<p>Cirque du Soleil omplirà d’imaginació i màgia Alacant amb KURIOS-Gabinet de Curiositats On: Gran Carpa de la Platja de Sant Joan (Avinguda Costa Blanca s/n) Venda d&#8217;entrades ací: [Enllaç] Horaris: Del 17 al 23 d’agost Dimecres: 18:30 h Dijous: 18:30 h Divendres: 18:00 h i 21:30 h Dissabte: 18:00 h i 21:30 h Diumenge: 18:00 [&hellip;]</p>
